{"id":95926,"date":"2022-04-08T09:32:37","date_gmt":"2022-04-08T07:32:37","guid":{"rendered":"https:\/\/www.edilera.com\/?post_type=product&#038;p=95926"},"modified":"2025-04-10T11:17:22","modified_gmt":"2025-04-10T09:17:22","slug":"coleccion-monasterios-del-reino-de-leon-ahorre-save","status":"publish","type":"product","link":"https:\/\/www.edilera.com\/index.php\/producto\/coleccion-monasterios-del-reino-de-leon-ahorre-save\/","title":{"rendered":"COLECCI\u00d3N MONASTERIOS DEL REINO DE LE\u00d3N"},"content":{"rendered":"<p><strong>COLECCI\u00d3N MONASTERIOS DEL REINO DE LE\u00d3N<br \/>\n<\/strong><\/p>\n<p>Compre esta colecci\u00f3n de libros:<\/p>\n<p><a href=\"https:\/\/www.edilera.com\/index.php\/producto\/la-colegiata-romanica-de-santa-marta-de-tera\/\">La colegiata rom\u00e1nica de Santa Marta de Tera<\/a>, <a href=\"https:\/\/www.edilera.com\/index.php\/producto\/san-martin-de-castaneda-y-el-lago-de-sanabria\/\">San Mart\u00edn de Casta\u00f1eda y el Lago de Sanabria<\/a>, <a href=\"https:\/\/www.edilera.com\/index.php\/producto\/el-monasterio-de-san-miguel-de-escalada\/\">El monasterio de San Miguel de Escalada<\/a>.<\/p>\n","protected":false},"excerpt":{"rendered":"<p>COLECCI\u00d3N MONASTERIOS DEL REINO DE LE\u00d3N Compre esta colecci\u00f3n de libros: La colegiata rom\u00e1nica de Santa Marta de Tera, San Mart\u00edn de Casta\u00f1eda y el Lago de Sanabria, El monasterio de San Miguel de Escalada.<\/p>\n","protected":false},"featured_media":95928,"comment_status":"open","ping_status":"closed","template":"","meta":[],"product_brand":[],"product_cat":[20,50,51,29],"product_tag":[],"class_list":{"0":"post-95926","1":"product","2":"type-product","3":"status-publish","4":"has-post-thumbnail","6":"product_cat-espanol","7":"product_cat-leon","8":"product_cat-monasterios-del-reino-de-leon","9":"product_cat-zamora","11":"first","12":"instock","13":"taxable","14":"shipping-taxable","15":"purchasable","16":"product-type-simple"},"jetpack-related-posts":[],"jetpack_sharing_enabled":true,"_links":{"self":[{"href":"https:\/\/www.edilera.com\/index.php\/wp-json\/wp\/v2\/product\/95926","targetHints":{"allow":["GET"]}}],"collection":[{"href":"https:\/\/www.edilera.com\/index.php\/wp-json\/wp\/v2\/product"}],"about":[{"href":"https:\/\/www.edilera.com\/index.php\/wp-json\/wp\/v2\/types\/product"}],"replies":[{"embeddable":true,"href":"https:\/\/www.edilera.com\/index.php\/wp-json\/wp\/v2\/comments?post=95926"}],"version-history":[{"count":2,"href":"https:\/\/www.edilera.com\/index.php\/wp-json\/wp\/v2\/product\/95926\/revisions"}],"predecessor-version":[{"id":96502,"href":"https:\/\/www.edilera.com\/index.php\/wp-json\/wp\/v2\/product\/95926\/revisions\/96502"}],"wp:featuredmedia":[{"embeddable":true,"href":"https:\/\/www.edilera.com\/index.php\/wp-json\/wp\/v2\/media\/95928"}],"wp:attachment":[{"href":"https:\/\/www.edilera.com\/index.php\/wp-json\/wp\/v2\/media?parent=95926"}],"wp:term":[{"taxonomy":"product_brand","embeddable":true,"href":"https:\/\/www.edilera.com\/index.php\/wp-json\/wp\/v2\/product_brand?post=95926"},{"taxonomy":"product_cat","embeddable":true,"href":"https:\/\/www.edilera.com\/index.php\/wp-json\/wp\/v2\/product_cat?post=95926"},{"taxonomy":"product_tag","embeddable":true,"href":"https:\/\/www.edilera.com\/index.php\/wp-json\/wp\/v2\/product_tag?post=95926"}],"curies":[{"name":"wp","href":"https:\/\/api.w.org\/{rel}","templated":true}]}}