{"id":94334,"date":"2020-02-10T21:55:46","date_gmt":"2020-02-10T20:55:46","guid":{"rendered":"https:\/\/www.edilera.com\/?post_type=product&#038;p=94334"},"modified":"2024-01-29T12:11:14","modified_gmt":"2024-01-29T11:11:14","slug":"palencia-artistica-y-monumental","status":"publish","type":"product","link":"https:\/\/www.edilera.com\/index.php\/producto\/palencia-artistica-y-monumental\/","title":{"rendered":"Palencia, art\u00edstica y monumental. La provincia y todo el rom\u00e1nico palentino."},"content":{"rendered":"<p><span style=\"font-family: Arial, sans-serif;\"><b>Palencia, art\u00edstica y monumental. La provincia y todo el rom\u00e1nico palentino<br \/>\n<\/b><\/span><\/p>\n<p align=\"JUSTIFY\"><span style=\"font-family: Arial, sans-serif;\">Gu\u00eda de Palencia y provincia. Palencia, ciudad romana cuna de la primera universidad espa\u00f1ola, posee un patrimonio monumental de gran calidad, patente en su Catedral o en la iglesia de la Compa\u00f1\u00eda. A su vez la provincia riqu\u00edsima en arte, y muy especialmente el de \u00e9poca romana en su fastuosas villas romanas de la Olmeda y la Tejada; o el rom\u00e1nico palentino grand\u00edsimia acumulaci\u00f3n del mejor rom\u00e1nico y sin olvidar la naturaleza, La Monta\u00f1a Palentina, laCueva de los Franceses, el Canal de Castilla o la Tierra de Campos con sus lagunas de la Nava. En esta gu\u00eda se tratan todos los monumentos y puntos de inter\u00e9s de la Ciudad de Palencia y de la provincia de Palencia, as\u00ed como todos los vestigios rom\u00e1nicos de la provincia.<\/span><\/p>\n<p align=\"JUSTIFY\"><span style=\"font-family: Arial, sans-serif;\">Los textos son concisos, ricos y claros, con m\u00e1s de 600 im\u00e1genes de medio y gran formato, planos, y esquemas que ayudan al visitante a tener una idea clara, asequible y bien aprovechada de su visita a Palencia. A su vez sirve como recuerdo de su visita. <\/span><\/p>\n<ul>\n<li><span style=\"font-family: Arial, sans-serif;\">Encuadernaci\u00f3n: r\u00fastica cosida con solapas.<\/span><\/li>\n<li><span style=\"font-family: Arial, sans-serif;\">256 p\u00e1ginas.<\/span><\/li>\n<li><span style=\"font-family: Arial, sans-serif;\">A todo color.<\/span><\/li>\n<li><span style=\"font-family: Arial, sans-serif;\">Tama\u00f1o: 17 x 24 cm (vertical).<\/span><\/li>\n<li><span style=\"font-family: Arial, sans-serif;\">Con desplegable cuadr\u00edptico, en el interior.<\/span><\/li>\n<li><span style=\"font-family: Arial, sans-serif;\">ISBN: 978-84-948338-6-1<\/span><\/li>\n<\/ul>\n<p><span style=\"font-family: Arial, sans-serif;\"><b>\u00cdndice alfab\u00e9tico de temas tratados en el libro:<\/b><\/span><\/p>\n<p><span style=\"font-family: Arial, sans-serif;\">Abarca de Campos<\/span><\/p>\n<p><span style=\"font-family: Arial, sans-serif;\">Acueducto del Canal<\/span><\/p>\n<p><span style=\"font-family: Arial, sans-serif;\">Aguilar de Campoo<\/span><\/p>\n<p><span style=\"font-family: Arial, sans-serif;\">Aguilar de Campoo, Monasterio de Santa Mar\u00eda la Real<\/span><\/p>\n<p><span style=\"font-family: Arial, sans-serif;\">Aguilar de Campoo, San Miguel<\/span><\/p>\n<p><span style=\"font-family: Arial, sans-serif;\">Aguilar de Campoo, Santa Cecilia<\/span><\/p>\n<p><span style=\"font-family: Arial, sans-serif;\">Alar del Rey<\/span><\/p>\n<p><span style=\"font-family: Arial, sans-serif;\">Ampudia<\/span><\/p>\n<p><span style=\"font-family: Arial, sans-serif;\">Arenillas de San Pelayo<\/span><\/p>\n<p><span style=\"font-family: Arial, sans-serif;\">Astudillo<\/span><\/p>\n<p><span style=\"font-family: Arial, sans-serif;\">Becerril de Campos<\/span><\/p>\n<p><span style=\"font-family: Arial, sans-serif;\">Bibliograf\u00eda <\/span><\/p>\n<p><span style=\"font-family: Arial, sans-serif;\">Boadilla del Camino<\/span><\/p>\n<p><span style=\"font-family: Arial, sans-serif;\">Bosque F\u00f3sil de Verde\u00f1a<\/span><\/p>\n<p><span style=\"font-family: Arial, sans-serif;\">Bra\u00f1osera<\/span><\/p>\n<p><span style=\"font-family: Arial, sans-serif;\">Camino de Santiago, El <\/span><\/p>\n<p><span style=\"font-family: Arial, sans-serif;\">Campos G\u00f3ticos<\/span><\/p>\n<p><span style=\"font-family: Arial, sans-serif;\">Canal de Castilla, El <\/span><\/p>\n<p><span style=\"font-family: Arial, sans-serif;\">Carri\u00f3n de los Condes<\/span><\/p>\n<p><span style=\"font-family: Arial, sans-serif;\">Carri\u00f3n de los Condes, Monasterio de San Zoilo<\/span><\/p>\n<p><span style=\"font-family: Arial, sans-serif;\">Carri\u00f3n de los Condes, Santa Mar\u00eda del Camino<\/span><\/p>\n<p><span style=\"font-family: Arial, sans-serif;\">Carri\u00f3n de los Condes, Santiago<\/span><\/p>\n<p><span style=\"font-family: Arial, sans-serif;\">Castillo de Belmonte de Campos<\/span><\/p>\n<p><span style=\"font-family: Arial, sans-serif;\">Castillo de Fuentes de Valdepero<\/span><\/p>\n<p><span style=\"font-family: Arial, sans-serif;\">Cerrato, El <\/span><\/p>\n<p><span style=\"font-family: Arial, sans-serif;\">Cervera de Pisuerga<\/span><\/p>\n<p><span style=\"font-family: Arial, sans-serif;\">Cervera de Pisuerga<\/span><\/p>\n<p><span style=\"font-family: Arial, sans-serif;\">Cillamayor<\/span><\/p>\n<p><span style=\"font-family: Arial, sans-serif;\">Cisneros<\/span><\/p>\n<p><span style=\"font-family: Arial, sans-serif;\">Ciudad de Palencia<\/span><\/p>\n<p><span style=\"font-family: Arial, sans-serif;\">Cripta de San Antol\u00edn<\/span><\/p>\n<p><span style=\"font-family: Arial, sans-serif;\">Cueva de los Franceses<\/span><\/p>\n<p><span style=\"font-family: Arial, sans-serif;\">Due\u00f1as<\/span><\/p>\n<p><span style=\"font-family: Arial, sans-serif;\">Fr\u00f3mista<\/span><\/p>\n<p><span style=\"font-family: Arial, sans-serif;\">Fuentes Tam\u00e1ricas<\/span><\/p>\n<p><span style=\"font-family: Arial, sans-serif;\">Herrera de Pisuerga<\/span><\/p>\n<p><span style=\"font-family: Arial, sans-serif;\">Horadada, La <\/span><\/p>\n<p><span style=\"font-family: Arial, sans-serif;\">Iglesias rupestres<\/span><\/p>\n<p><span style=\"font-family: Arial, sans-serif;\">Itero de la Vega<\/span><\/p>\n<p><span style=\"font-family: Arial, sans-serif;\">Lagunas de la Nava, Las <\/span><\/p>\n<p><span style=\"font-family: Arial, sans-serif;\">Loras, Las <\/span><\/p>\n<p><span style=\"font-family: Arial, sans-serif;\">Matalbaniega<\/span><\/p>\n<p><span style=\"font-family: Arial, sans-serif;\">Mave<\/span><\/p>\n<p><span style=\"font-family: Arial, sans-serif;\">Moarves de Ojeda<\/span><\/p>\n<p><span style=\"font-family: Arial, sans-serif;\">Monasterio de San Andr\u00e9s de Arroyo, Real<\/span><\/p>\n<p><span style=\"font-family: Arial, sans-serif;\">Monasterio de Santa Cruz de la Zarza<\/span><\/p>\n<p><span style=\"font-family: Arial, sans-serif;\">Monasterio de Santa Eufemia de los Collozos<\/span><\/p>\n<p><span style=\"font-family: Arial, sans-serif;\">Monta\u00f1a Palentina, La <\/span><\/p>\n<p><span style=\"font-family: Arial, sans-serif;\">Monte Cild\u00e1<\/span><\/p>\n<p><span style=\"font-family: Arial, sans-serif;\">Monz\u00f3n de Campos, ruinas de Cenera de Zalima<\/span><\/p>\n<p><span style=\"font-family: Arial, sans-serif;\">Museo de San Pedro, arqueolog\u00eda romana<\/span><\/p>\n<p><span style=\"font-family: Arial, sans-serif;\">Olleros de Pisuerga<\/span><\/p>\n<p><span style=\"font-family: Arial, sans-serif;\">Palacio del Rey Pedro I<\/span><\/p>\n<p><span style=\"font-family: Arial, sans-serif;\">Palencia, San Francisco y capilla de la Soledad <\/span><\/p>\n<p><span style=\"font-family: Arial, sans-serif;\">Palencia, Bernardas, Las <\/span><\/p>\n<p><span style=\"font-family: Arial, sans-serif;\">Palencia, Calle Mayor<\/span><\/p>\n<p><span style=\"font-family: Arial, sans-serif;\">Palencia, Casa Junco<\/span><\/p>\n<p><span style=\"font-family: Arial, sans-serif;\">Palencia, Catedral de San Antol\u00edn<\/span><\/p>\n<p><span style=\"font-family: Arial, sans-serif;\">Palencia, Compa\u00f1\u00eda, La ~ Ntra. Sra. de la Calle<\/span><\/p>\n<p><span style=\"font-family: Arial, sans-serif;\">Palencia, Cristo del Otero, Campesino Ib\u00e9rico<\/span><\/p>\n<p><span style=\"font-family: Arial, sans-serif;\">Palencia, Ermita de Villanueva del R\u00edo<\/span><\/p>\n<p><span style=\"font-family: Arial, sans-serif;\">Palencia, Fundaci\u00f3n Colegio Villandrando<\/span><\/p>\n<p><span style=\"font-family: Arial, sans-serif;\">Palencia, Historia de la Ciudad de Palencia<\/span><\/p>\n<p><span style=\"font-family: Arial, sans-serif;\">Palencia, Monasterio de Santa Clara<\/span><\/p>\n<p><span style=\"font-family: Arial, sans-serif;\">Palencia, Museo de Palencia<\/span><\/p>\n<p><span style=\"font-family: Arial, sans-serif;\">Palencia, Museo Diocesano<\/span><\/p>\n<p><span style=\"font-family: Arial, sans-serif;\">Palencia, Palacio de la Diputaci\u00f3n Provincial<\/span><\/p>\n<p><span style=\"font-family: Arial, sans-serif;\">Palencia, Puentecillas<\/span><\/p>\n<p><span style=\"font-family: Arial, sans-serif;\">Palencia, San L\u00e1zaro<\/span><\/p>\n<p><span style=\"font-family: Arial, sans-serif;\">Palencia, San Miguel<\/span><\/p>\n<p><span style=\"font-family: Arial, sans-serif;\">Palencia, San Pablo<\/span><\/p>\n<p><span style=\"font-family: Arial, sans-serif;\">Paredes de Nava<\/span><\/p>\n<p><span style=\"font-family: Arial, sans-serif;\">Perazancas de Ojeda<\/span><\/p>\n<p><span style=\"font-family: Arial, sans-serif;\">Perazancas de Ojeda, Ermita de San Pelayo<\/span><\/p>\n<p><span style=\"font-family: Arial, sans-serif;\">Perazancas de Ojeda, Iglesia de Santa Mar\u00eda<\/span><\/p>\n<p><span style=\"font-family: Arial, sans-serif;\">Pis\u00f3n de Castrej\u00f3n<\/span><\/p>\n<p><span style=\"font-family: Arial, sans-serif;\">Poblaci\u00f3n de Campos<\/span><\/p>\n<p><span style=\"font-family: Arial, sans-serif;\">Provincia de Palencia<\/span><\/p>\n<p><span style=\"font-family: Arial, sans-serif;\">Retenci\u00f3n del Canal<\/span><\/p>\n<p><span style=\"font-family: Arial, sans-serif;\">Revilla de Santull\u00e1n<\/span><\/p>\n<p><span style=\"font-family: Arial, sans-serif;\">Ribas de Campos<\/span><\/p>\n<p><span style=\"font-family: Arial, sans-serif;\">Rom\u00e1nico Palentino, Todo el <\/span><\/p>\n<p><span style=\"font-family: Arial, sans-serif;\">Ruinas del Monasterio de Nogal de las Huertas<\/span><\/p>\n<p><span style=\"font-family: Arial, sans-serif;\">Salda\u00f1a<\/span><\/p>\n<p><span style=\"font-family: Arial, sans-serif;\">San Isidro de Due\u00f1as<\/span><\/p>\n<p><span style=\"font-family: Arial, sans-serif;\">San Juan de Ba\u00f1os<\/span><\/p>\n<p><span style=\"font-family: Arial, sans-serif;\">San Mart\u00edn de Fr\u00f3mista<\/span><\/p>\n<p><span style=\"font-family: Arial, sans-serif;\">San Salvador de Cantamuda<\/span><\/p>\n<p><span style=\"font-family: Arial, sans-serif;\">Santa Eulalia de Barrio de Santa Mar\u00eda<\/span><\/p>\n<p><span style=\"font-family: Arial, sans-serif;\">Santoyo<\/span><\/p>\n<p><span style=\"font-family: Arial, sans-serif;\">T\u00e1mara<\/span><\/p>\n<p><span style=\"font-family: Arial, sans-serif;\">Tierra de Campos, La <\/span><\/p>\n<p><span style=\"font-family: Arial, sans-serif;\">Torremormoj\u00f3n<\/span><\/p>\n<p><span style=\"font-family: Arial, sans-serif;\">Trapa, La <\/span><\/p>\n<p><span style=\"font-family: Arial, sans-serif;\">Tuerces, Las <\/span><\/p>\n<p><span style=\"font-family: Arial, sans-serif;\">Vallespinoso de Aguilar<\/span><\/p>\n<p><span style=\"font-family: Arial, sans-serif;\">Valoria del Alcor<\/span><\/p>\n<p><span style=\"font-family: Arial, sans-serif;\">Velilla del R\u00edo Carri\u00f3n<\/span><\/p>\n<p><span style=\"font-family: Arial, sans-serif;\">V\u00edas romanas <\/span><\/p>\n<p><span style=\"font-family: Arial, sans-serif;\">Villa romana de La Olmeda<\/span><\/p>\n<p><span style=\"font-family: Arial, sans-serif;\">Villa romana de La Tejada<\/span><\/p>\n<p><span style=\"font-family: Arial, sans-serif;\">Villacibio<\/span><\/p>\n<p><span style=\"font-family: Arial, sans-serif;\">Villalc\u00e1zar de Sirga<\/span><\/p>\n<p><span style=\"font-family: Arial, sans-serif;\">Villanueva de la Torre<\/span><\/p>\n<p><span style=\"font-family: Arial, sans-serif;\">Villar\u00e9n de Valdivia <\/span><\/p>\n<p><span style=\"font-family: Arial, sans-serif;\">Villaumbrales<\/span><\/p>\n<p><span style=\"font-family: Arial, sans-serif;\">Villavega de Aguilar<\/span><\/p>\n<p><span style=\"font-family: Arial, sans-serif;\">Zorita del P\u00e1ramo<\/span><\/p>\n","protected":false},"excerpt":{"rendered":"<p>Palencia, art\u00edstica y monumental. La provincia y todo el rom\u00e1nico palentino Gu\u00eda de Palencia y provincia. Palencia, ciudad romana cuna de la primera universidad espa\u00f1ola, posee un patrimonio monumental de gran calidad, patente en su Catedral o en la iglesia de la Compa\u00f1\u00eda. A su vez la provincia riqu\u00edsima en arte, y muy especialmente el [&hellip;]<\/p>\n","protected":false},"featured_media":94336,"comment_status":"open","ping_status":"closed","template":"","meta":[],"product_brand":[],"product_cat":[21,20,40],"product_tag":[],"class_list":{"0":"post-94334","1":"product","2":"type-product","3":"status-publish","4":"has-post-thumbnail","6":"product_cat-artistica-y-monumental","7":"product_cat-espanol","8":"product_cat-palencia","10":"first","11":"instock","12":"taxable","13":"shipping-taxable","14":"purchasable","15":"product-type-simple"},"jetpack-related-posts":[],"jetpack_sharing_enabled":true,"_links":{"self":[{"href":"https:\/\/www.edilera.com\/index.php\/wp-json\/wp\/v2\/product\/94334","targetHints":{"allow":["GET"]}}],"collection":[{"href":"https:\/\/www.edilera.com\/index.php\/wp-json\/wp\/v2\/product"}],"about":[{"href":"https:\/\/www.edilera.com\/index.php\/wp-json\/wp\/v2\/types\/product"}],"replies":[{"embeddable":true,"href":"https:\/\/www.edilera.com\/index.php\/wp-json\/wp\/v2\/comments?post=94334"}],"version-history":[{"count":1,"href":"https:\/\/www.edilera.com\/index.php\/wp-json\/wp\/v2\/product\/94334\/revisions"}],"predecessor-version":[{"id":95071,"href":"https:\/\/www.edilera.com\/index.php\/wp-json\/wp\/v2\/product\/94334\/revisions\/95071"}],"wp:featuredmedia":[{"embeddable":true,"href":"https:\/\/www.edilera.com\/index.php\/wp-json\/wp\/v2\/media\/94336"}],"wp:attachment":[{"href":"https:\/\/www.edilera.com\/index.php\/wp-json\/wp\/v2\/media?parent=94334"}],"wp:term":[{"taxonomy":"product_brand","embeddable":true,"href":"https:\/\/www.edilera.com\/index.php\/wp-json\/wp\/v2\/product_brand?post=94334"},{"taxonomy":"product_cat","embeddable":true,"href":"https:\/\/www.edilera.com\/index.php\/wp-json\/wp\/v2\/product_cat?post=94334"},{"taxonomy":"product_tag","embeddable":true,"href":"https:\/\/www.edilera.com\/index.php\/wp-json\/wp\/v2\/product_tag?post=94334"}],"curies":[{"name":"wp","href":"https:\/\/api.w.org\/{rel}","templated":true}]}}