{"id":274,"date":"2019-03-06T09:05:09","date_gmt":"2019-03-06T08:05:09","guid":{"rendered":"https:\/\/www.edilera.com\/?post_type=product&#038;p=274"},"modified":"2021-12-28T14:06:51","modified_gmt":"2021-12-28T13:06:51","slug":"zamora-artistica-y-monumental","status":"publish","type":"product","link":"https:\/\/www.edilera.com\/index.php\/producto\/zamora-artistica-y-monumental\/","title":{"rendered":"Zamora, art\u00edstica y monumental"},"content":{"rendered":"<p><span style=\"font-family: Arial, sans-serif;\">Gu\u00eda de Zamora y provincia.<\/span><\/p>\n<p><span style=\"font-family: Arial, sans-serif;\">La Ciudad de Zamora es el lugar del mundo con mayor cantidad y variedad de edificios rom\u00e1nicos, m\u00e1s de 23 iglesias, La Catedral, puentes, murallas, palacios, el castillo, casas rom\u00e1nicas, y otros testimonios de la \u00e9poca. A su vez atesora muestras de otros estilos y \u00e9pocas, como el g\u00f3tico o el modernismo.<\/span><\/p>\n<p><span style=\"font-family: Arial, sans-serif;\">En esta gu\u00eda se tratan todos los monumentos y puntos de inter\u00e9s de la Ciudad de Zamora y principales de la provincia de Zamora.<\/span><\/p>\n<p><span style=\"font-family: Arial, sans-serif;\">En la ciudad con especial atenci\u00f3n a la Catedral de Zamora y su cimborrio, as\u00ed como a el rom\u00e1nico zamorano. Los textos son concisos, ricos y claros, con m\u00e1s de 200 im\u00e1genes de medio y gran formato, planos, y esquemas que ayudan al visitante a tener una idea clara, asequible y bien aprovechada de su visita a Zamora. A su vez sirve como recuerdo de su visita.<\/span><\/p>\n<ul>\n<li><span style=\"font-family: Arial, sans-serif;\">Encuadernaci\u00f3n: r\u00fastica cosida con solapas.<\/span><\/li>\n<li><span style=\"font-family: Arial, sans-serif;\">160 p\u00e1ginas.<\/span><\/li>\n<li><span style=\"font-family: Arial, sans-serif;\">A todo color.<\/span><\/li>\n<li><span style=\"font-family: Arial, sans-serif;\">Con desplegable cuadr\u00edptico, en el interior.<\/span><\/li>\n<li><span style=\"font-family: Arial, sans-serif;\">ISBN: 978-84-943610-9-8<\/span><\/li>\n<\/ul>\n<p><strong><span style=\"font-family: Arial, sans-serif;\">\u00cdndice alfab\u00e9tico de temas tratados en el libro:<\/span><\/strong><\/p>\n<p><span style=\"font-family: Arial, sans-serif;\">Ace\u00f1as de Caba\u00f1ales<\/span><\/p>\n<p><span style=\"font-family: Arial, sans-serif;\">Ace\u00f1as de Olivares<\/span><\/p>\n<p><span style=\"font-family: Arial, sans-serif;\">Alh\u00f3ndiga de Pan, La <\/span><\/p>\n<p><span style=\"font-family: Arial, sans-serif;\">Aliste<\/span><\/p>\n<p><span style=\"font-family: Arial, sans-serif;\">Antiguas carnicer\u00edas<\/span><\/p>\n<p><span style=\"font-family: Arial, sans-serif;\">Antiguo Hospital de la Encarnaci\u00f3n<\/span><\/p>\n<p><span style=\"font-family: Arial, sans-serif;\">Antiguo Palacio Provincial<\/span><\/p>\n<p><span style=\"font-family: Arial, sans-serif;\">Archivo, Beato de Zamora y Biblioteca<\/span><\/p>\n<p><span style=\"font-family: Arial, sans-serif;\">Arribes del Duero, Los <\/span><\/p>\n<p><span style=\"font-family: Arial, sans-serif;\">Ayuntamiento Viejo<\/span><\/p>\n<p><span style=\"font-family: Arial, sans-serif;\">Benavente y los Valles<\/span><\/p>\n<p><span style=\"font-family: Arial, sans-serif;\">Busto del Padre Blanco bot\u00e1nico<\/span><\/p>\n<p><span style=\"font-family: Arial, sans-serif;\">Calle Balborraz<\/span><\/p>\n<p><span style=\"font-family: Arial, sans-serif;\">Campamentos romanos de Petavonivm<\/span><\/p>\n<p><span style=\"font-family: Arial, sans-serif;\">Cantar de El Cerco de Zamora, El<\/span><\/p>\n<p><span style=\"font-family: Arial, sans-serif;\">Carmen del Camino, El <\/span><\/p>\n<p><span style=\"font-family: Arial, sans-serif;\">Casa del Cid<\/span><\/p>\n<p><span style=\"font-family: Arial, sans-serif;\">casas rom\u00e1nicas<\/span><\/p>\n<p><span style=\"font-family: Arial, sans-serif;\">Castillo, El <\/span><\/p>\n<p><span style=\"font-family: Arial, sans-serif;\">Catedral de El Salvador, S.I. <\/span><\/p>\n<p><span style=\"font-family: Arial, sans-serif;\">Convento de El Tr\u00e1nsito<\/span><\/p>\n<p><span style=\"font-family: Arial, sans-serif;\">Convento de San Francisco<\/span><\/p>\n<p><span style=\"font-family: Arial, sans-serif;\">Convento de Sta. M\u00aa la Real de las Due\u00f1as<\/span><\/p>\n<p><span style=\"font-family: Arial, sans-serif;\">d\u00f3lmenes<\/span><\/p>\n<p><span style=\"font-family: Arial, sans-serif;\">Eduardo Barr\u00f3n, El escultor <\/span><\/p>\n<p><span style=\"font-family: Arial, sans-serif;\">Esp\u00edritu Santo, El<\/span><\/p>\n<p><span style=\"font-family: Arial, sans-serif;\">Estaci\u00f3n del ferrocarril<\/span><\/p>\n<p><span style=\"font-family: Arial, sans-serif;\">Fermoselle<\/span><\/p>\n<p><span style=\"font-family: Arial, sans-serif;\">Fort\u00edn de San Sebasti\u00e1n<\/span><\/p>\n<p><span style=\"font-family: Arial, sans-serif;\">Fuente de los Remedios<\/span><\/p>\n<p><span style=\"font-family: Arial, sans-serif;\">Historia de la Ciudad<\/span><\/p>\n<p><span style=\"font-family: Arial, sans-serif;\">Lago de Sanabria, El <\/span><\/p>\n<p><span style=\"font-family: Arial, sans-serif;\">lagunas de Villaf\u00e1fila, Las <\/span><\/p>\n<p><span style=\"font-family: Arial, sans-serif;\">Mascaradas de Invierno<\/span><\/p>\n<p><span style=\"font-family: Arial, sans-serif;\">Mirador de San Cipriano<\/span><\/p>\n<p><span style=\"font-family: Arial, sans-serif;\">Mirador del Troncoso<\/span><\/p>\n<p><span style=\"font-family: Arial, sans-serif;\">Modernismo, El <\/span><\/p>\n<p><span style=\"font-family: Arial, sans-serif;\">Monasterio de Moreruela<\/span><\/p>\n<p><span style=\"font-family: Arial, sans-serif;\">Monumento a los Ca\u00eddos en 1808<\/span><\/p>\n<p><span style=\"font-family: Arial, sans-serif;\">Murallas, Las <\/span><\/p>\n<p><span style=\"font-family: Arial, sans-serif;\">Museo Catedralicio<\/span><\/p>\n<p><span style=\"font-family: Arial, sans-serif;\">Museo de Semana Santa<\/span><\/p>\n<p><span style=\"font-family: Arial, sans-serif;\">Museo de Zamora<\/span><\/p>\n<p><span style=\"font-family: Arial, sans-serif;\">Museo Diocesano<\/span><\/p>\n<p><span style=\"font-family: Arial, sans-serif;\">Museo Etnogr\u00e1fico<\/span><\/p>\n<p><span style=\"font-family: Arial, sans-serif;\">Museo Parroquial de San Ildefonso<\/span><\/p>\n<p><span style=\"font-family: Arial, sans-serif;\">Ocellvm Dvrii, campamento y ciudad romanos<\/span><\/p>\n<p><span style=\"font-family: Arial, sans-serif;\">Palacio de D\u00aa Urraca<\/span><\/p>\n<p><span style=\"font-family: Arial, sans-serif;\">Palacio de la Inquisici\u00f3n, Antiguo <\/span><\/p>\n<p><span style=\"font-family: Arial, sans-serif;\">Palacio de los Condes de Alba de Aliste <\/span><\/p>\n<p><span style=\"font-family: Arial, sans-serif;\">Palacio de los Momos<\/span><\/p>\n<p><span style=\"font-family: Arial, sans-serif;\">Palacio Real de Ordo\u00f1o II<\/span><\/p>\n<p><span style=\"font-family: Arial, sans-serif;\">Parador de Turismo<\/span><\/p>\n<p><span style=\"font-family: Arial, sans-serif;\">Parque del Castillo<\/span><\/p>\n<p><span style=\"font-family: Arial, sans-serif;\">Plaza de Claudio Moyano<\/span><\/p>\n<p><span style=\"font-family: Arial, sans-serif;\">Plaza de Fray Diego de Deza<\/span><\/p>\n<p><span style=\"font-family: Arial, sans-serif;\">Plaza de Santa Luc\u00eda<\/span><\/p>\n<p><span style=\"font-family: Arial, sans-serif;\">Plaza Mayor<\/span><\/p>\n<p><span style=\"font-family: Arial, sans-serif;\">Polvor\u00edn<\/span><\/p>\n<p><span style=\"font-family: Arial, sans-serif;\">Provincia de Zamora, La <\/span><\/p>\n<p><span style=\"font-family: Arial, sans-serif;\">Puebla de Sanabria<\/span><\/p>\n<p><span style=\"font-family: Arial, sans-serif;\">Puebla del Valle, La<\/span><\/p>\n<p><span style=\"font-family: Arial, sans-serif;\">Puente de Hierro<\/span><\/p>\n<p><span style=\"font-family: Arial, sans-serif;\">Puente del ferrocarril<\/span><\/p>\n<p><span style=\"font-family: Arial, sans-serif;\">Puente rom\u00e1nico arruinado o viejo<\/span><\/p>\n<p><span style=\"font-family: Arial, sans-serif;\">Puente rom\u00e1nico o nuevo<\/span><\/p>\n<p><span style=\"font-family: Arial, sans-serif;\">Puerta de Caballer\u00eda<\/span><\/p>\n<p><span style=\"font-family: Arial, sans-serif;\">Puerta de D\u00aa Urraca<\/span><\/p>\n<p><span style=\"font-family: Arial, sans-serif;\">Puerta de la Traici\u00f3n<\/span><\/p>\n<p><span style=\"font-family: Arial, sans-serif;\">Puerta de San Andr\u00e9s<\/span><\/p>\n<p><span style=\"font-family: Arial, sans-serif;\">Puerta de San Cipriano<\/span><\/p>\n<p><span style=\"font-family: Arial, sans-serif;\">Puerta de Santa Leocadia<\/span><\/p>\n<p><span style=\"font-family: Arial, sans-serif;\">Puerta del Mercadillo<\/span><\/p>\n<p><span style=\"font-family: Arial, sans-serif;\">Puerta del Pescado<\/span><\/p>\n<p><span style=\"font-family: Arial, sans-serif;\">Puerta del r\u00edo en Puerta Nueva<\/span><\/p>\n<p><span style=\"font-family: Arial, sans-serif;\">Puerta \u00d3ptima o del Obispo<\/span><\/p>\n<p><span style=\"font-family: Arial, sans-serif;\">Remedios ~ Santa Mar\u00eda de los Olleros, Los <\/span><\/p>\n<p><span style=\"font-family: Arial, sans-serif;\">r\u00edo Duero, El <\/span><\/p>\n<p><span style=\"font-family: Arial, sans-serif;\">San Andr\u00e9s ~ Seminario de San Atilano<\/span><\/p>\n<p><span style=\"font-family: Arial, sans-serif;\">San Antol\u00edn<\/span><\/p>\n<p><span style=\"font-family: Arial, sans-serif;\">San Cipriano<\/span><\/p>\n<p><span style=\"font-family: Arial, sans-serif;\">San Claudio de Olivares<\/span><\/p>\n<p><span style=\"font-family: Arial, sans-serif;\">San Esteban<\/span><\/p>\n<p><span style=\"font-family: Arial, sans-serif;\">San Frontis<\/span><\/p>\n<p><span style=\"font-family: Arial, sans-serif;\">San Isidoro<\/span><\/p>\n<p><span style=\"font-family: Arial, sans-serif;\">San Juan de Puerta Nueva<\/span><\/p>\n<p><span style=\"font-family: Arial, sans-serif;\">San Leonardo de Noblat<\/span><\/p>\n<p><span style=\"font-family: Arial, sans-serif;\">San Mart\u00edn de Casta\u00f1eda<\/span><\/p>\n<p><span style=\"font-family: Arial, sans-serif;\">San Pedro de la Nave, La iglesia visig\u00f3tica de <\/span><\/p>\n<p><span style=\"font-family: Arial, sans-serif;\">San Pedro y San Ildefonso<\/span><\/p>\n<p><span style=\"font-family: Arial, sans-serif;\">San Torcuato y Colegio Universitario<\/span><\/p>\n<p><span style=\"font-family: Arial, sans-serif;\">San Vicente M\u00e1rtir<\/span><\/p>\n<p><span style=\"font-family: Arial, sans-serif;\">Santa Mar\u00eda de la Horta<\/span><\/p>\n<p><span style=\"font-family: Arial, sans-serif;\">Santa Mar\u00eda de la Vega<\/span><\/p>\n<p><span style=\"font-family: Arial, sans-serif;\">Santa Mar\u00eda la Nueva<\/span><\/p>\n<p><span style=\"font-family: Arial, sans-serif;\">Santa Mar\u00eda la Real de la Hiniesta, Bosque de Valorio<\/span><\/p>\n<p><span style=\"font-family: Arial, sans-serif;\">Santa Mar\u00eda Magdalena<\/span><\/p>\n<p><span style=\"font-family: Arial, sans-serif;\">Santa Marta de Tera<\/span><\/p>\n<p><span style=\"font-family: Arial, sans-serif;\">Santiago de los Caballeros<\/span><\/p>\n<p><span style=\"font-family: Arial, sans-serif;\">Santiago del Burgo<\/span><\/p>\n<p><span style=\"font-family: Arial, sans-serif;\">Santo Sepulcro, El<\/span><\/p>\n<p><span style=\"font-family: Arial, sans-serif;\">Santo\u2008Tom\u00e9<\/span><\/p>\n<p><span style=\"font-family: Arial, sans-serif;\">Sayago<\/span><\/p>\n<p><span style=\"font-family: Arial, sans-serif;\">Semana Santa en Zamora, La <\/span><\/p>\n<p><span style=\"font-family: Arial, sans-serif;\">T\u00e1bara y su Scriptorivm<\/span><\/p>\n<p><span style=\"font-family: Arial, sans-serif;\">Teatro Principal<\/span><\/p>\n<p><span style=\"font-family: Arial, sans-serif;\">Teatro Ramos Carri\u00f3n<\/span><\/p>\n<p><span style=\"font-family: Arial, sans-serif;\">Toro<\/span><\/p>\n<p><span style=\"font-family: Arial, sans-serif;\">Universidad Laboral<\/span><\/p>\n<p><span style=\"font-family: Arial, sans-serif;\">villa romana de Camarzana de Tera<\/span><\/p>\n<p><span style=\"font-family: Arial, sans-serif;\">Villalpando<\/span><\/p>\n","protected":false},"excerpt":{"rendered":"<p>Gu\u00eda de Zamora y provincia. La Ciudad de Zamora es el lugar del mundo con mayor cantidad y variedad de edificios rom\u00e1nicos, m\u00e1s de 23 iglesias, La Catedral, puentes, murallas, palacios, el castillo, casas rom\u00e1nicas, y otros testimonios de la \u00e9poca. A su vez atesora muestras de otros estilos y \u00e9pocas, como el g\u00f3tico o [&hellip;]<\/p>\n","protected":false},"featured_media":76,"comment_status":"open","ping_status":"closed","template":"","meta":[],"product_brand":[],"product_cat":[21,20,29],"product_tag":[],"class_list":{"0":"post-274","1":"product","2":"type-product","3":"status-publish","4":"has-post-thumbnail","6":"product_cat-artistica-y-monumental","7":"product_cat-espanol","8":"product_cat-zamora","10":"first","11":"instock","12":"taxable","13":"shipping-taxable","14":"purchasable","15":"product-type-simple"},"jetpack-related-posts":[],"jetpack_sharing_enabled":true,"_links":{"self":[{"href":"https:\/\/www.edilera.com\/index.php\/wp-json\/wp\/v2\/product\/274","targetHints":{"allow":["GET"]}}],"collection":[{"href":"https:\/\/www.edilera.com\/index.php\/wp-json\/wp\/v2\/product"}],"about":[{"href":"https:\/\/www.edilera.com\/index.php\/wp-json\/wp\/v2\/types\/product"}],"replies":[{"embeddable":true,"href":"https:\/\/www.edilera.com\/index.php\/wp-json\/wp\/v2\/comments?post=274"}],"version-history":[{"count":2,"href":"https:\/\/www.edilera.com\/index.php\/wp-json\/wp\/v2\/product\/274\/revisions"}],"predecessor-version":[{"id":95714,"href":"https:\/\/www.edilera.com\/index.php\/wp-json\/wp\/v2\/product\/274\/revisions\/95714"}],"wp:featuredmedia":[{"embeddable":true,"href":"https:\/\/www.edilera.com\/index.php\/wp-json\/wp\/v2\/media\/76"}],"wp:attachment":[{"href":"https:\/\/www.edilera.com\/index.php\/wp-json\/wp\/v2\/media?parent=274"}],"wp:term":[{"taxonomy":"product_brand","embeddable":true,"href":"https:\/\/www.edilera.com\/index.php\/wp-json\/wp\/v2\/product_brand?post=274"},{"taxonomy":"product_cat","embeddable":true,"href":"https:\/\/www.edilera.com\/index.php\/wp-json\/wp\/v2\/product_cat?post=274"},{"taxonomy":"product_tag","embeddable":true,"href":"https:\/\/www.edilera.com\/index.php\/wp-json\/wp\/v2\/product_tag?post=274"}],"curies":[{"name":"wp","href":"https:\/\/api.w.org\/{rel}","templated":true}]}}