{"id":270,"date":"2019-03-06T08:55:10","date_gmt":"2019-03-06T07:55:10","guid":{"rendered":"https:\/\/www.edilera.com\/?post_type=product&#038;p=270"},"modified":"2021-12-28T14:08:32","modified_gmt":"2021-12-28T13:08:32","slug":"segovie-artistique-et-monumentale","status":"publish","type":"product","link":"https:\/\/www.edilera.com\/index.php\/producto\/segovie-artistique-et-monumentale\/","title":{"rendered":"S\u00e9govie, artistique et monumentale"},"content":{"rendered":"<p><span style=\"font-family: Arial, sans-serif;\">Guide de S\u00e9govie et province. S\u00e9govie, la ville de l&#8217;aqueduc, l&#8217;Alcazar, sa cath\u00e9drale ou ses nombreux monuments.<br \/>\nCourt, une ville d\u00e9j\u00e0 nomm\u00e9e S\u00e9govie \u00e0 l&#8217;\u00e9poque romaine, pr\u00e9sente un patrimoine complet dans la ville, o\u00f9 se succ\u00e8dent \u00e9glises romanes avec leurs galeries \u00e0 arcades, leurs palais romans, gothiques et classiques. Des monast\u00e8res aussi importants que El Parral ou San Antonio el Real. Une nouvelle cath\u00e9drale s.XVI, qui est l\u2019une des plus grandes d\u2019Espagne, et toute sillonn\u00e9e par l\u2019aqueduc qui alimentait la ville en eau jusqu\u2019en 1921.<br \/>\nAutour, vues, vegas, la Maison royale de la monnaie, et imm\u00e9diat dans la Sierra de S\u00e9govie (Guadarrama), site royal de San Ildefonso, o\u00f9 le palais royal de San Ildefonso est orn\u00e9 de l&#8217;un des plus beaux jardins baroques du monde et avec des sources rendent le visiteur muet.<br \/>\nUne ville riche en patrimoine qu&#8217;il convient de visiter bien inform\u00e9e pour en profiter.<br \/>\nLes textes sont concis, riches et clairs, avec plus de 200 images de format moyen et grand, des plans et des sch\u00e9mas qui aident le visiteur \u00e0 avoir une id\u00e9e claire, abordable et bien utilis\u00e9e de sa visite \u00e0 S\u00e8govie. \u00c0 son tour, sert de rappel de votre visite.<br \/>\n<\/span><\/p>\n<ul>\n<li><span style=\"font-family: Arial, sans-serif;\">Reliure: rustique cousu avec des rabats.<\/span><\/li>\n<li><span style=\"font-family: Arial, sans-serif;\">160 pages.<\/span><\/li>\n<li><span style=\"font-family: Arial, sans-serif;\">Couleur<\/span><\/li>\n<li><span style=\"font-family: Arial, sans-serif;\">Taille: 17 x 24 cm (vertical).<\/span><\/li>\n<li><span style=\"font-family: Arial, sans-serif;\">Avec quadruple pliage, \u00e0 l&#8217;int\u00e9rieur.<\/span><\/li>\n<li><span style=\"font-family: Arial, sans-serif;\">Traduit en fran\u00e7ais par: Thierry Le Roux selon DIN EN 15038<\/span><\/li>\n<li><span style=\"font-family: Arial, sans-serif;\">ISBN: 978-84-942521-2-9<\/span><\/li>\n<\/ul>\n<p><span style=\"font-family: Arial, sans-serif;\"><b>Index alphab\u00e9tique des sujets abord\u00e9s dans le livre: <\/b><\/span><\/p>\n<p><span style=\"font-family: Arial, sans-serif;\">Academie d\u2019Artillerie<\/span><\/p>\n<p><span style=\"font-family: Arial, sans-serif;\">Alh\u00f3ndiga de grano<\/span><\/p>\n<p><span style=\"font-family: Arial, sans-serif;\">Ancien College de la Compagnie <\/span><\/p>\n<p><span style=\"font-family: Arial, sans-serif;\">Ancienne Prison Royale<\/span><\/p>\n<p><span style=\"font-family: Arial, sans-serif;\">Casa de las Cadenas o de Segovia<\/span><\/p>\n<p><span style=\"font-family: Arial, sans-serif;\">Casa de los del R\u00edo<\/span><\/p>\n<p><span style=\"font-family: Arial, sans-serif;\">Casa de los Linajes<\/span><\/p>\n<p><span style=\"font-family: Arial, sans-serif;\">Casa de los Picos<\/span><\/p>\n<p><span style=\"font-family: Arial, sans-serif;\">Casa de los Solier<\/span><\/p>\n<p><span style=\"font-family: Arial, sans-serif;\">Catedral de Santa Mar\u00eda y San Frutos<\/span><\/p>\n<p><span style=\"font-family: Arial, sans-serif;\">Centre Didactique de la Juder\u00eda<\/span><\/p>\n<p><span style=\"font-family: Arial, sans-serif;\">Corpus Christi<\/span><\/p>\n<p><span style=\"font-family: Arial, sans-serif;\">Corral del Mudo<\/span><\/p>\n<p><span style=\"font-family: Arial, sans-serif;\">Couvent de la Encarnaci\u00f3n<\/span><\/p>\n<p><span style=\"font-family: Arial, sans-serif;\">Couvent de la Pur\u00edsima Concepci\u00f3n<\/span><\/p>\n<p><span style=\"font-family: Arial, sans-serif;\">Couvent de San Vicente el Real<\/span><\/p>\n<p><span style=\"font-family: Arial, sans-serif;\">Couvent de Santa Cruz la Real<\/span><\/p>\n<p><span style=\"font-family: Arial, sans-serif;\">Couvent de Santa Isabel<\/span><\/p>\n<p><span style=\"font-family: Arial, sans-serif;\">Couvent de Sto. Domingo el Real<\/span><\/p>\n<p><span style=\"font-family: Arial, sans-serif;\">Couvent des Carmes D\u00e9schausses<\/span><\/p>\n<p><span style=\"font-family: Arial, sans-serif;\">Couvent des Carmes D\u00e9schaussees<\/span><\/p>\n<p><span style=\"font-family: Arial, sans-serif;\">Couvent des Minimes<\/span><\/p>\n<p><span style=\"font-family: Arial, sans-serif;\">Couvent des Oblates<\/span><\/p>\n<p><span style=\"font-family: Arial, sans-serif;\">Eglise de los Santos Justo y Pastor<\/span><\/p>\n<p><span style=\"font-family: Arial, sans-serif;\">El Salvador<\/span><\/p>\n<p><span style=\"font-family: Arial, sans-serif;\">Espace d\u2019Art Mi\u00f1\u00f3n<\/span><\/p>\n<p><span style=\"font-family: Arial, sans-serif;\">Fabrique Royale de Cristal de la Granja. Fondation du Centre National du Verre<\/span><\/p>\n<p><span style=\"font-family: Arial, sans-serif;\">Grotte de Saint Dominique<\/span><\/p>\n<p><span style=\"font-family: Arial, sans-serif;\">Henri IV<\/span><\/p>\n<p><span style=\"font-family: Arial, sans-serif;\">Histoire<\/span><\/p>\n<p><span style=\"font-family: Arial, sans-serif;\">H\u00f4pital de la Misericorde<\/span><\/p>\n<p><span style=\"font-family: Arial, sans-serif;\">Isabelle la Catholique<\/span><\/p>\n<p><span style=\"font-family: Arial, sans-serif;\">L\u2019Alc\u00e1zar de S\u00e9govie<\/span><\/p>\n<p><span style=\"font-family: Arial, sans-serif;\">L\u2019Aqueduc. AQVA SEGOVIENSIS<\/span><\/p>\n<p><span style=\"font-family: Arial, sans-serif;\">La Casa Mudejar<\/span><\/p>\n<p><span style=\"font-family: Arial, sans-serif;\">La Claustra ou Canonj\u00edas<\/span><\/p>\n<p><span style=\"font-family: Arial, sans-serif;\">La Juder\u00eda<\/span><\/p>\n<p><span style=\"font-family: Arial, sans-serif;\">La Maison Royale de la Monnaie de S\u00e9govie<\/span><\/p>\n<p><span style=\"font-family: Arial, sans-serif;\">La province de S\u00e9govie<\/span><\/p>\n<p><span style=\"font-family: Arial, sans-serif;\">La Vera Cruz<\/span><\/p>\n<p><span style=\"font-family: Arial, sans-serif;\">Les toits Segoviees<\/span><\/p>\n<p><span style=\"font-family: Arial, sans-serif;\">Maison de Diego de Rueda<\/span><\/p>\n<p><span style=\"font-family: Arial, sans-serif;\">Maison de l\u2019Hidalgo<\/span><\/p>\n<p><span style=\"font-family: Arial, sans-serif;\">Maison de la Terre<\/span><\/p>\n<p><span style=\"font-family: Arial, sans-serif;\">Maison des Bermejo<\/span><\/p>\n<p><span style=\"font-family: Arial, sans-serif;\">Maison du 15\u00e8me si\u00e8cle<\/span><\/p>\n<p><span style=\"font-family: Arial, sans-serif;\">Maison du Comte de Bornos<\/span><\/p>\n<p><span style=\"font-family: Arial, sans-serif;\">Maison du Doyen<\/span><\/p>\n<p><span style=\"font-family: Arial, sans-serif;\">Maison du Marquis del Arco<\/span><\/p>\n<p><span style=\"font-family: Arial, sans-serif;\">Maison du Secretaire<\/span><\/p>\n<p><span style=\"font-family: Arial, sans-serif;\">Maison du Timbre<\/span><\/p>\n<p><span style=\"font-family: Arial, sans-serif;\">Maison-Mus\u00e9e d\u2019Antonio Machado<\/span><\/p>\n<p><span style=\"font-family: Arial, sans-serif;\">Maison-Palais du Comte de Alpuente<\/span><\/p>\n<p><span style=\"font-family: Arial, sans-serif;\">Masion des Ayala~Berganza<\/span><\/p>\n<p><span style=\"font-family: Arial, sans-serif;\">Mirador de la Canaleja<\/span><\/p>\n<p><span style=\"font-family: Arial, sans-serif;\">Monast\u00e9re de San Antonio el Real<\/span><\/p>\n<p><span style=\"font-family: Arial, sans-serif;\">Monast\u00e9re de Santa Mar\u00eda de El Parral<\/span><\/p>\n<p><span style=\"font-family: Arial, sans-serif;\">Murailles<\/span><\/p>\n<p><span style=\"font-family: Arial, sans-serif;\">Mus\u00e9e d\u2019Esteban\u2008Vicente<\/span><\/p>\n<p><span style=\"font-family: Arial, sans-serif;\">Mus\u00e9e de S\u00e9govie<\/span><\/p>\n<p><span style=\"font-family: Arial, sans-serif;\">Mus\u00e9e Diocesain<\/span><\/p>\n<p><span style=\"font-family: Arial, sans-serif;\">Mus\u00e9e Rodera Robles<\/span><\/p>\n<p><span style=\"font-family: Arial, sans-serif;\">Mus\u00e9e Zuloaga<\/span><\/p>\n<p><span style=\"font-family: Arial, sans-serif;\">Palacio del Marqu\u00e9s de Lozoya<\/span><\/p>\n<p><span style=\"font-family: Arial, sans-serif;\">Palais de la Deputation Provinciale<\/span><\/p>\n<p><span style=\"font-family: Arial, sans-serif;\">Palais de Quintanar<\/span><\/p>\n<p><span style=\"font-family: Arial, sans-serif;\">Palais de Villafa\u00f1e<\/span><\/p>\n<p><span style=\"font-family: Arial, sans-serif;\">Palais des Aguilar<\/span><\/p>\n<p><span style=\"font-family: Arial, sans-serif;\">Palais des Comtes de Mansilla<\/span><\/p>\n<p><span style=\"font-family: Arial, sans-serif;\">Palais du Comte de Cheste<\/span><\/p>\n<p><span style=\"font-family: Arial, sans-serif;\">Palais Episcopal<\/span><\/p>\n<p><span style=\"font-family: Arial, sans-serif;\">Palais Royal d\u2019Henri IV<\/span><\/p>\n<p><span style=\"font-family: Arial, sans-serif;\">Pal\u00e1is Royal de Riofr\u00edo<\/span><\/p>\n<p><span style=\"font-family: Arial, sans-serif;\">Plaza de Medina del Campo<\/span><\/p>\n<p><span style=\"font-family: Arial, sans-serif;\">Plaza de San Lorenzo<\/span><\/p>\n<p><span style=\"font-family: Arial, sans-serif;\">Plaza de Santa Eulalia<\/span><\/p>\n<p><span style=\"font-family: Arial, sans-serif;\">Plaza Mayor<\/span><\/p>\n<p><span style=\"font-family: Arial, sans-serif;\">Real Sitio de San Ildefonso<\/span><\/p>\n<p><span style=\"font-family: Arial, sans-serif;\">Ruinas del Convento de San Agust\u00edn<\/span><\/p>\n<p><span style=\"font-family: Arial, sans-serif;\">San Andr\u00e9s<\/span><\/p>\n<p><span style=\"font-family: Arial, sans-serif;\">San Blas<\/span><\/p>\n<p><span style=\"font-family: Arial, sans-serif;\">San Clemente<\/span><\/p>\n<p><span style=\"font-family: Arial, sans-serif;\">San Esteban<\/span><\/p>\n<p><span style=\"font-family: Arial, sans-serif;\">San Juan de los Caballeros<\/span><\/p>\n<p><span style=\"font-family: Arial, sans-serif;\">San Lorenzo M\u00e1rtir<\/span><\/p>\n<p><span style=\"font-family: Arial, sans-serif;\">San Marcos<\/span><\/p>\n<p><span style=\"font-family: Arial, sans-serif;\">San Mart\u00edn<\/span><\/p>\n<p><span style=\"font-family: Arial, sans-serif;\">San Miguel<\/span><\/p>\n<p><span style=\"font-family: Arial, sans-serif;\">San Mill\u00e1n<\/span><\/p>\n<p><span style=\"font-family: Arial, sans-serif;\">San Nicol\u00e1s<\/span><\/p>\n<p><span style=\"font-family: Arial, sans-serif;\">San Pedro de los Picos<\/span><\/p>\n<p><span style=\"font-family: Arial, sans-serif;\">San Quirce<\/span><\/p>\n<p><span style=\"font-family: Arial, sans-serif;\">San Sebasti\u00e1n de los Caballeros<\/span><\/p>\n<p><span style=\"font-family: Arial, sans-serif;\">Sanctuaire de la Vierge de la Fuencisla<\/span><\/p>\n<p><span style=\"font-family: Arial, sans-serif;\">Santa Eulalia<\/span><\/p>\n<p><span style=\"font-family: Arial, sans-serif;\">Sant\u00edsima Trinidad<\/span><\/p>\n<p><span style=\"font-family: Arial, sans-serif;\">Santo Tom\u00e1s<\/span><\/p>\n<p><span style=\"font-family: Arial, sans-serif;\">Th\u00e9\u00e2tre Juan Bravo<\/span><\/p>\n<p><span style=\"font-family: Arial, sans-serif;\">Torre\u00f3n de Lozoya<\/span><\/p>\n<p><span style=\"font-family: Arial, sans-serif;\">Tour Arias D\u00e1vila<\/span><\/p>\n<p><span style=\"font-family: Arial, sans-serif;\">Tour d\u2019Hercule<\/span><\/p>\n<p><span style=\"font-family: Arial, sans-serif;\">Valsa\u00edn<\/span><\/p>\n","protected":false},"excerpt":{"rendered":"<p>Guide de S\u00e9govie et province. S\u00e9govie, la ville de l&#8217;aqueduc, l&#8217;Alcazar, sa cath\u00e9drale ou ses nombreux monuments. Court, une ville d\u00e9j\u00e0 nomm\u00e9e S\u00e9govie \u00e0 l&#8217;\u00e9poque romaine, pr\u00e9sente un patrimoine complet dans la ville, o\u00f9 se succ\u00e8dent \u00e9glises romanes avec leurs galeries \u00e0 arcades, leurs palais romans, gothiques et classiques. Des monast\u00e8res aussi importants que El [&hellip;]<\/p>\n","protected":false},"featured_media":113,"comment_status":"open","ping_status":"closed","template":"","meta":[],"product_brand":[],"product_cat":[24,25],"product_tag":[],"class_list":{"0":"post-270","1":"product","2":"type-product","3":"status-publish","4":"has-post-thumbnail","6":"product_cat-artistique-et-monumentale","7":"product_cat-francais","9":"first","10":"instock","11":"taxable","12":"shipping-taxable","13":"purchasable","14":"product-type-simple"},"jetpack-related-posts":[],"jetpack_sharing_enabled":true,"_links":{"self":[{"href":"https:\/\/www.edilera.com\/index.php\/wp-json\/wp\/v2\/product\/270","targetHints":{"allow":["GET"]}}],"collection":[{"href":"https:\/\/www.edilera.com\/index.php\/wp-json\/wp\/v2\/product"}],"about":[{"href":"https:\/\/www.edilera.com\/index.php\/wp-json\/wp\/v2\/types\/product"}],"replies":[{"embeddable":true,"href":"https:\/\/www.edilera.com\/index.php\/wp-json\/wp\/v2\/comments?post=270"}],"version-history":[{"count":1,"href":"https:\/\/www.edilera.com\/index.php\/wp-json\/wp\/v2\/product\/270\/revisions"}],"predecessor-version":[{"id":95717,"href":"https:\/\/www.edilera.com\/index.php\/wp-json\/wp\/v2\/product\/270\/revisions\/95717"}],"wp:featuredmedia":[{"embeddable":true,"href":"https:\/\/www.edilera.com\/index.php\/wp-json\/wp\/v2\/media\/113"}],"wp:attachment":[{"href":"https:\/\/www.edilera.com\/index.php\/wp-json\/wp\/v2\/media?parent=270"}],"wp:term":[{"taxonomy":"product_brand","embeddable":true,"href":"https:\/\/www.edilera.com\/index.php\/wp-json\/wp\/v2\/product_brand?post=270"},{"taxonomy":"product_cat","embeddable":true,"href":"https:\/\/www.edilera.com\/index.php\/wp-json\/wp\/v2\/product_cat?post=270"},{"taxonomy":"product_tag","embeddable":true,"href":"https:\/\/www.edilera.com\/index.php\/wp-json\/wp\/v2\/product_tag?post=270"}],"curies":[{"name":"wp","href":"https:\/\/api.w.org\/{rel}","templated":true}]}}

Ségovie, artistique et monumentale

<p><span style="font-family: Arial, sans-serif;">Guide de Ségovie et province. Ségovie, la ville de l&#8217;aqueduc, l&#8217;Alcazar, sa cathédrale ou ses nombreux monuments.<br />
Court, une ville déjà nommée Ségovie à l&#8217;époque romaine, présente un patrimoine complet dans la ville, où se succèdent églises romanes avec leurs galeries à arcades, leurs palais romans, gothiques et classiques. Des monastères aussi importants que El Parral ou San Antonio el Real. Une nouvelle cathédrale s.XVI, qui est l’une des plus grandes d’Espagne, et toute sillonnée par l’aqueduc qui alimentait la ville en eau jusqu’en 1921.<br />
Autour, vues, vegas, la Maison royale de la monnaie, et immédiat dans la Sierra de Ségovie (Guadarrama), site royal de San Ildefonso, où le palais royal de San Ildefonso est orné de l&#8217;un des plus beaux jardins baroques du monde et avec des sources rendent le visiteur muet.<br />
Une ville riche en patrimoine qu&#8217;il convient de visiter bien informée pour en profiter.<br />
Les textes sont concis, riches et clairs, avec plus de 200 images de format moyen et grand, des plans et des schémas qui aident le visiteur à avoir une idée claire, abordable et bien utilisée de sa visite à Sègovie. À son tour, sert de rappel de votre visite.<br />
</span></p>
<ul>
<li><span style="font-family: Arial, sans-serif;">Reliure: rustique cousu avec des rabats.</span></li>
<li><span style="font-family: Arial, sans-serif;">160 pages.</span></li>
<li><span style="font-family: Arial, sans-serif;">Couleur</span></li>
<li><span style="font-family: Arial, sans-serif;">Taille: 17 x 24 cm (vertical).</span></li>
<li><span style="font-family: Arial, sans-serif;">Avec quadruple pliage, à l&#8217;intérieur.</span></li>
<li><span style="font-family: Arial, sans-serif;">Traduit en français par: Thierry Le Roux selon DIN EN 15038</span></li>
<li><span style="font-family: Arial, sans-serif;">ISBN: 978-84-942521-2-9</span></li>
</ul>
<p><span style="font-family: Arial, sans-serif;"><b>Index alphabétique des sujets abordés dans le livre: </b></span></p>
<p><span style="font-family: Arial, sans-serif;">Academie d’Artillerie</span></p>
<p><span style="font-family: Arial, sans-serif;">Alhóndiga de grano</span></p>
<p><span style="font-family: Arial, sans-serif;">Ancien College de la Compagnie </span></p>
<p><span style="font-family: Arial, sans-serif;">Ancienne Prison Royale</span></p>
<p><span style="font-family: Arial, sans-serif;">Casa de las Cadenas o de Segovia</span></p>
<p><span style="font-family: Arial, sans-serif;">Casa de los del Río</span></p>
<p><span style="font-family: Arial, sans-serif;">Casa de los Linajes</span></p>
<p><span style="font-family: Arial, sans-serif;">Casa de los Picos</span></p>
<p><span style="font-family: Arial, sans-serif;">Casa de los Solier</span></p>
<p><span style="font-family: Arial, sans-serif;">Catedral de Santa María y San Frutos</span></p>
<p><span style="font-family: Arial, sans-serif;">Centre Didactique de la Judería</span></p>
<p><span style="font-family: Arial, sans-serif;">Corpus Christi</span></p>
<p><span style="font-family: Arial, sans-serif;">Corral del Mudo</span></p>
<p><span style="font-family: Arial, sans-serif;">Couvent de la Encarnación</span></p>
<p><span style="font-family: Arial, sans-serif;">Couvent de la Purísima Concepción</span></p>
<p><span style="font-family: Arial, sans-serif;">Couvent de San Vicente el Real</span></p>
<p><span style="font-family: Arial, sans-serif;">Couvent de Santa Cruz la Real</span></p>
<p><span style="font-family: Arial, sans-serif;">Couvent de Santa Isabel</span></p>
<p><span style="font-family: Arial, sans-serif;">Couvent de Sto. Domingo el Real</span></p>
<p><span style="font-family: Arial, sans-serif;">Couvent des Carmes Déschausses</span></p>
<p><span style="font-family: Arial, sans-serif;">Couvent des Carmes Déschaussees</span></p>
<p><span style="font-family: Arial, sans-serif;">Couvent des Minimes</span></p>
<p><span style="font-family: Arial, sans-serif;">Couvent des Oblates</span></p>
<p><span style="font-family: Arial, sans-serif;">Eglise de los Santos Justo y Pastor</span></p>
<p><span style="font-family: Arial, sans-serif;">El Salvador</span></p>
<p><span style="font-family: Arial, sans-serif;">Espace d’Art Miñón</span></p>
<p><span style="font-family: Arial, sans-serif;">Fabrique Royale de Cristal de la Granja. Fondation du Centre National du Verre</span></p>
<p><span style="font-family: Arial, sans-serif;">Grotte de Saint Dominique</span></p>
<p><span style="font-family: Arial, sans-serif;">Henri IV</span></p>
<p><span style="font-family: Arial, sans-serif;">Histoire</span></p>
<p><span style="font-family: Arial, sans-serif;">Hôpital de la Misericorde</span></p>
<p><span style="font-family: Arial, sans-serif;">Isabelle la Catholique</span></p>
<p><span style="font-family: Arial, sans-serif;">L’Alcázar de Ségovie</span></p>
<p><span style="font-family: Arial, sans-serif;">L’Aqueduc. AQVA SEGOVIENSIS</span></p>
<p><span style="font-family: Arial, sans-serif;">La Casa Mudejar</span></p>
<p><span style="font-family: Arial, sans-serif;">La Claustra ou Canonjías</span></p>
<p><span style="font-family: Arial, sans-serif;">La Judería</span></p>
<p><span style="font-family: Arial, sans-serif;">La Maison Royale de la Monnaie de Ségovie</span></p>
<p><span style="font-family: Arial, sans-serif;">La province de Ségovie</span></p>
<p><span style="font-family: Arial, sans-serif;">La Vera Cruz</span></p>
<p><span style="font-family: Arial, sans-serif;">Les toits Segoviees</span></p>
<p><span style="font-family: Arial, sans-serif;">Maison de Diego de Rueda</span></p>
<p><span style="font-family: Arial, sans-serif;">Maison de l’Hidalgo</span></p>
<p><span style="font-family: Arial, sans-serif;">Maison de la Terre</span></p>
<p><span style="font-family: Arial, sans-serif;">Maison des Bermejo</span></p>
<p><span style="font-family: Arial, sans-serif;">Maison du 15ème siècle</span></p>
<p><span style="font-family: Arial, sans-serif;">Maison du Comte de Bornos</span></p>
<p><span style="font-family: Arial, sans-serif;">Maison du Doyen</span></p>
<p><span style="font-family: Arial, sans-serif;">Maison du Marquis del Arco</span></p>
<p><span style="font-family: Arial, sans-serif;">Maison du Secretaire</span></p>
<p><span style="font-family: Arial, sans-serif;">Maison du Timbre</span></p>
<p><span style="font-family: Arial, sans-serif;">Maison-Musée d’Antonio Machado</span></p>
<p><span style="font-family: Arial, sans-serif;">Maison-Palais du Comte de Alpuente</span></p>
<p><span style="font-family: Arial, sans-serif;">Masion des Ayala~Berganza</span></p>
<p><span style="font-family: Arial, sans-serif;">Mirador de la Canaleja</span></p>
<p><span style="font-family: Arial, sans-serif;">Monastére de San Antonio el Real</span></p>
<p><span style="font-family: Arial, sans-serif;">Monastére de Santa María de El Parral</span></p>
<p><span style="font-family: Arial, sans-serif;">Murailles</span></p>
<p><span style="font-family: Arial, sans-serif;">Musée d’Esteban Vicente</span></p>
<p><span style="font-family: Arial, sans-serif;">Musée de Ségovie</span></p>
<p><span style="font-family: Arial, sans-serif;">Musée Diocesain</span></p>
<p><span style="font-family: Arial, sans-serif;">Musée Rodera Robles</span></p>
<p><span style="font-family: Arial, sans-serif;">Musée Zuloaga</span></p>
<p><span style="font-family: Arial, sans-serif;">Palacio del Marqués de Lozoya</span></p>
<p><span style="font-family: Arial, sans-serif;">Palais de la Deputation Provinciale</span></p>
<p><span style="font-family: Arial, sans-serif;">Palais de Quintanar</span></p>
<p><span style="font-family: Arial, sans-serif;">Palais de Villafañe</span></p>
<p><span style="font-family: Arial, sans-serif;">Palais des Aguilar</span></p>
<p><span style="font-family: Arial, sans-serif;">Palais des Comtes de Mansilla</span></p>
<p><span style="font-family: Arial, sans-serif;">Palais du Comte de Cheste</span></p>
<p><span style="font-family: Arial, sans-serif;">Palais Episcopal</span></p>
<p><span style="font-family: Arial, sans-serif;">Palais Royal d’Henri IV</span></p>
<p><span style="font-family: Arial, sans-serif;">Paláis Royal de Riofrío</span></p>
<p><span style="font-family: Arial, sans-serif;">Plaza de Medina del Campo</span></p>
<p><span style="font-family: Arial, sans-serif;">Plaza de San Lorenzo</span></p>
<p><span style="font-family: Arial, sans-serif;">Plaza de Santa Eulalia</span></p>
<p><span style="font-family: Arial, sans-serif;">Plaza Mayor</span></p>
<p><span style="font-family: Arial, sans-serif;">Real Sitio de San Ildefonso</span></p>
<p><span style="font-family: Arial, sans-serif;">Ruinas del Convento de San Agustín</span></p>
<p><span style="font-family: Arial, sans-serif;">San Andrés</span></p>
<p><span style="font-family: Arial, sans-serif;">San Blas</span></p>
<p><span style="font-family: Arial, sans-serif;">San Clemente</span></p>
<p><span style="font-family: Arial, sans-serif;">San Esteban</span></p>
<p><span style="font-family: Arial, sans-serif;">San Juan de los Caballeros</span></p>
<p><span style="font-family: Arial, sans-serif;">San Lorenzo Mártir</span></p>
<p><span style="font-family: Arial, sans-serif;">San Marcos</span></p>
<p><span style="font-family: Arial, sans-serif;">San Martín</span></p>
<p><span style="font-family: Arial, sans-serif;">San Miguel</span></p>
<p><span style="font-family: Arial, sans-serif;">San Millán</span></p>
<p><span style="font-family: Arial, sans-serif;">San Nicolás</span></p>
<p><span style="font-family: Arial, sans-serif;">San Pedro de los Picos</span></p>
<p><span style="font-family: Arial, sans-serif;">San Quirce</span></p>
<p><span style="font-family: Arial, sans-serif;">San Sebastián de los Caballeros</span></p>
<p><span style="font-family: Arial, sans-serif;">Sanctuaire de la Vierge de la Fuencisla</span></p>
<p><span style="font-family: Arial, sans-serif;">Santa Eulalia</span></p>
<p><span style="font-family: Arial, sans-serif;">Santísima Trinidad</span></p>
<p><span style="font-family: Arial, sans-serif;">Santo Tomás</span></p>
<p><span style="font-family: Arial, sans-serif;">Théâtre Juan Bravo</span></p>
<p><span style="font-family: Arial, sans-serif;">Torreón de Lozoya</span></p>
<p><span style="font-family: Arial, sans-serif;">Tour Arias Dávila</span></p>
<p><span style="font-family: Arial, sans-serif;">Tour d’Hercule</span></p>
<p><span style="font-family: Arial, sans-serif;">Valsaín</span></p>

<p>Guide de Ségovie et province. Ségovie, la ville de l&#8217;aqueduc, l&#8217;Alcazar, sa cathédrale ou ses nombreux monuments. Court, une ville déjà nommée Ségovie à l&#8217;époque romaine, présente un patrimoine complet dans la ville, où se succèdent églises romanes avec leurs galeries à arcades, leurs palais romans, gothiques et classiques. Des monastères aussi importants que El [&hellip;]</p>
