{"id":256,"date":"2019-03-05T16:05:28","date_gmt":"2019-03-05T15:05:28","guid":{"rendered":"https:\/\/www.edilera.com\/?post_type=product&#038;p=256"},"modified":"2019-11-18T09:33:58","modified_gmt":"2019-11-18T08:33:58","slug":"puebla-de-sanabria-y-la-reserva-de-la-biosfera","status":"publish","type":"product","link":"https:\/\/www.edilera.com\/index.php\/producto\/puebla-de-sanabria-y-la-reserva-de-la-biosfera\/","title":{"rendered":"Puebla de Sanabria y la Reserva de la Biosfera"},"content":{"rendered":"<p><span style=\"font-family: Arial, sans-serif;\"><span style=\"font-size: medium;\">Puebla de Sanabria, perteneciente a la Asociaci\u00f3n de Pueblos m\u00e1s bonitos de Espa\u00f1a, es un una preciosa villa centro comercial de la comarca de Sanabria. <\/span><\/span><\/p>\n<p><span style=\"font-family: Arial, sans-serif;\"><span style=\"font-size: medium;\">Ha sabido conservar su car\u00e1cter y aspecto de tiempos medievales. Protegida por su muralla, en lo alto de un risco, que domina el valle del Tera, se organiza en torno a las plazas del Arrabal, Mayor y su castillo. <\/span><\/span><\/p>\n<p><span style=\"font-family: Arial, sans-serif;\"><span style=\"font-size: medium;\">A su vez los palacios, casas nobles y la ermita de San Cayetano, as\u00ed como su iglesia de Santa Mar\u00eda de Azogue, cuya portada occidental, apea sobre cari\u00e1tides.<\/span><\/span><\/p>\n<p><span style=\"font-family: Arial, sans-serif;\"><span style=\"font-size: medium;\">El entorno natural al que pertenece, como Reserva de la Biosfera, se pone de relieve en el centro del Lobo Ib\u00e9rico, en donde es posible contemplar lobos en libertad y comprender los modos de vida de la zona y su relaci\u00f3n con esta especie.<\/span><\/span><\/p>\n<p><span style=\"font-family: Arial, sans-serif;\"><span style=\"font-size: medium;\">Los textos como en todos nuestros libros son concisos, ricos y claros, con im\u00e1genes, planos, y esquemas que ayudan al visitante a tener una idea clara, asequible y bien aprovechada de su visita. Y que su vez sirve como recuerdo.<\/span><\/span><\/p>\n<ul>\n<li><span style=\"font-family: Arial, sans-serif;\"><span style=\"font-size: medium;\">Encuadernaci\u00f3n: r\u00fastica con solapas, cosida con grapa.<\/span><\/span><\/li>\n<li><span style=\"font-family: Arial, sans-serif;\"><span style=\"font-size: medium;\">32 p\u00e1ginas.<\/span><\/span><\/li>\n<li><span style=\"font-family: Arial, sans-serif;\"><span style=\"font-size: medium;\">A todo color.<\/span><\/span><\/li>\n<li><span style=\"font-family: Arial, sans-serif;\"><span style=\"font-size: medium;\">Tama\u00f1o: 24 x 17 vertical.<\/span><\/span><\/li>\n<li><span style=\"font-family: Arial, sans-serif;\"><span style=\"font-size: medium;\">Con mapa de la Villa y la comarca de Sanbria.<\/span><\/span><\/li>\n<li><span style=\"font-family: Arial, sans-serif;\"><span style=\"font-size: medium;\">ISBN: 978-84-948338-2-3<\/span><\/span><\/li>\n<\/ul>\n<p><span style=\"font-family: Arial, sans-serif;\"><b>\u00cdndice alfab\u00e9tico de temas tratados en el libro:<\/b><\/span><\/p>\n<p><span style=\"font-family: Arial, sans-serif;\">Ayuntamiento.<\/span><\/p>\n<p><span style=\"font-family: Arial, sans-serif;\">Casas y rincones.<\/span><\/p>\n<p><span style=\"font-family: Arial, sans-serif;\">Centro del Lobo Ib\u00e9rico, Robledo.<\/span><\/p>\n<p><span style=\"font-family: Arial, sans-serif;\">Convento de San Francisco.<\/span><\/p>\n<p><span style=\"font-family: Arial, sans-serif;\">El Castillo de Puebla.<\/span><\/p>\n<p><span style=\"font-family: Arial, sans-serif;\">El Lago de Sanabria<\/span><\/p>\n<p><span style=\"font-family: Arial, sans-serif;\">Ermita de San Cayetano.<\/span><\/p>\n<p><span style=\"font-family: Arial, sans-serif;\">Escuela Micol\u00f3gica de Ungilde.<\/span><\/p>\n<p><span style=\"font-family: Arial, sans-serif;\">Estaci\u00f3n del ferrocarril.<\/span><\/p>\n<p><span style=\"font-family: Arial, sans-serif;\">Fuerte de San Carlos.<\/span><\/p>\n<p><span style=\"font-family: Arial, sans-serif;\">Historia y murallas.<\/span><\/p>\n<p><span style=\"font-family: Arial, sans-serif;\">LA RESERVA DE LA BIOSFERA SANABRIA Y LA SIERRA DE LA CULEBRA<\/span><\/p>\n<p><span style=\"font-family: Arial, sans-serif;\">Museo de Gigantes y cabezudos.<\/span><\/p>\n<p><span style=\"font-family: Arial, sans-serif;\">PUEBLA DE SANABRIA<\/span><\/p>\n<p><span style=\"font-family: Arial, sans-serif;\">Ruta del Quijote por Sanabria, Cervantes.<\/span><\/p>\n<p><span style=\"font-family: Arial, sans-serif;\">Santa Mar\u00eda de Azogue.<\/span><\/p>\n","protected":false},"excerpt":{"rendered":"<p>Puebla de Sanabria, perteneciente a la Asociaci\u00f3n de Pueblos m\u00e1s bonitos de Espa\u00f1a, es un una preciosa villa centro comercial de la comarca de Sanabria. Ha sabido conservar su car\u00e1cter y aspecto de tiempos medievales. Protegida por su muralla, en lo alto de un risco, que domina el valle del Tera, se organiza en torno [&hellip;]<\/p>\n","protected":false},"featured_media":179,"comment_status":"open","ping_status":"closed","template":"","meta":[],"product_brand":[],"product_cat":[21,20,29],"product_tag":[],"class_list":{"0":"post-256","1":"product","2":"type-product","3":"status-publish","4":"has-post-thumbnail","6":"product_cat-artistica-y-monumental","7":"product_cat-espanol","8":"product_cat-zamora","10":"first","11":"instock","12":"taxable","13":"shipping-taxable","14":"purchasable","15":"product-type-simple"},"jetpack-related-posts":[],"jetpack_sharing_enabled":true,"_links":{"self":[{"href":"https:\/\/www.edilera.com\/index.php\/wp-json\/wp\/v2\/product\/256","targetHints":{"allow":["GET"]}}],"collection":[{"href":"https:\/\/www.edilera.com\/index.php\/wp-json\/wp\/v2\/product"}],"about":[{"href":"https:\/\/www.edilera.com\/index.php\/wp-json\/wp\/v2\/types\/product"}],"replies":[{"embeddable":true,"href":"https:\/\/www.edilera.com\/index.php\/wp-json\/wp\/v2\/comments?post=256"}],"version-history":[{"count":0,"href":"https:\/\/www.edilera.com\/index.php\/wp-json\/wp\/v2\/product\/256\/revisions"}],"wp:featuredmedia":[{"embeddable":true,"href":"https:\/\/www.edilera.com\/index.php\/wp-json\/wp\/v2\/media\/179"}],"wp:attachment":[{"href":"https:\/\/www.edilera.com\/index.php\/wp-json\/wp\/v2\/media?parent=256"}],"wp:term":[{"taxonomy":"product_brand","embeddable":true,"href":"https:\/\/www.edilera.com\/index.php\/wp-json\/wp\/v2\/product_brand?post=256"},{"taxonomy":"product_cat","embeddable":true,"href":"https:\/\/www.edilera.com\/index.php\/wp-json\/wp\/v2\/product_cat?post=256"},{"taxonomy":"product_tag","embeddable":true,"href":"https:\/\/www.edilera.com\/index.php\/wp-json\/wp\/v2\/product_tag?post=256"}],"curies":[{"name":"wp","href":"https:\/\/api.w.org\/{rel}","templated":true}]}}