{"id":244,"date":"2019-03-05T15:37:52","date_gmt":"2019-03-05T14:37:52","guid":{"rendered":"https:\/\/www.edilera.com\/?post_type=product&#038;p=244"},"modified":"2019-11-28T09:22:28","modified_gmt":"2019-11-28T08:22:28","slug":"nuestra-senora-de-la-anunciada-uruena","status":"publish","type":"product","link":"https:\/\/www.edilera.com\/index.php\/producto\/nuestra-senora-de-la-anunciada-uruena\/","title":{"rendered":"Nuestra Se\u00f1ora de la Anunciada &#8211; Urue\u00f1a-"},"content":{"rendered":"<p><span style=\"font-family: Arial, sans-serif;\"><span style=\"font-size: medium;\">Nuestra Se\u00f1ora de la Anunciada &#8211; Urue\u00f1a-<\/span><\/span><\/p>\n<p><span style=\"font-family: Arial, sans-serif;\"><span style=\"font-size: medium;\">Preciosa ermita solitaria en un paisaje espectacular. No s\u00f3lo agradable a la vista, sino una de las pocas iglesias de estilo rom\u00e1nico lombardo que quedan en Castilla.<\/span><\/span><\/p>\n<p><span style=\"font-family: Arial, sans-serif;\"><span style=\"font-size: medium;\">Se estudia su origen, antecendentes, y comparativas con otros cercanos similares as\u00ed como su estudio planim\u00e9trico.<\/span><\/span><\/p>\n<p><span style=\"font-family: Arial, sans-serif;\"><span style=\"font-size: medium;\">Se incluye una breve visita a la cercana Villa de Urue\u00f1a, declarada Villa del Libro y que pertenece a su vez a la Red de Pueblos m\u00e1s bonitos de Espa\u00f1a.<\/span><\/span><\/p>\n<p><span style=\"font-family: Arial, sans-serif;\"><span style=\"font-size: medium;\">Los textos como en todos nuestros libros son concisos, ricos y claros, con im\u00e1genes, planos, y esquemas que ayudan al visitante a tener una idea clara, asequible y bien aprovechada de su visita. Y que su vez sirve como recuerdo.<\/span><\/span><\/p>\n<p>&nbsp;<\/p>\n<p><span style=\"font-family: Arial, sans-serif;\"><span style=\"font-size: medium;\">Encuadernaci\u00f3n: r\u00fastica cosida con grapa.<\/span><\/span><\/p>\n<p><span style=\"font-family: Arial, sans-serif;\"><span style=\"font-size: medium;\">16 p\u00e1ginas.<\/span><\/span><\/p>\n<p><span style=\"font-family: Arial, sans-serif;\"><span style=\"font-size: medium;\">A todo color.<\/span><\/span><\/p>\n<p><span style=\"font-family: Arial, sans-serif;\"><span style=\"font-size: medium;\">ISBN: 978-84-943610-6-7<\/span><\/span><\/p>\n","protected":false},"excerpt":{"rendered":"<p>Nuestra Se\u00f1ora de la Anunciada &#8211; Urue\u00f1a- Preciosa ermita solitaria en un paisaje espectacular. No s\u00f3lo agradable a la vista, sino una de las pocas iglesias de estilo rom\u00e1nico lombardo que quedan en Castilla. Se estudia su origen, antecendentes, y comparativas con otros cercanos similares as\u00ed como su estudio planim\u00e9trico. Se incluye una breve visita [&hellip;]<\/p>\n","protected":false},"featured_media":242,"comment_status":"open","ping_status":"closed","template":"","meta":[],"product_brand":[],"product_cat":[20,19],"product_tag":[],"class_list":{"0":"post-244","1":"product","2":"type-product","3":"status-publish","4":"has-post-thumbnail","6":"product_cat-espanol","7":"product_cat-monograficos","9":"first","10":"instock","11":"taxable","12":"shipping-taxable","13":"purchasable","14":"product-type-simple"},"jetpack-related-posts":[],"jetpack_sharing_enabled":true,"_links":{"self":[{"href":"https:\/\/www.edilera.com\/index.php\/wp-json\/wp\/v2\/product\/244","targetHints":{"allow":["GET"]}}],"collection":[{"href":"https:\/\/www.edilera.com\/index.php\/wp-json\/wp\/v2\/product"}],"about":[{"href":"https:\/\/www.edilera.com\/index.php\/wp-json\/wp\/v2\/types\/product"}],"replies":[{"embeddable":true,"href":"https:\/\/www.edilera.com\/index.php\/wp-json\/wp\/v2\/comments?post=244"}],"version-history":[{"count":0,"href":"https:\/\/www.edilera.com\/index.php\/wp-json\/wp\/v2\/product\/244\/revisions"}],"wp:featuredmedia":[{"embeddable":true,"href":"https:\/\/www.edilera.com\/index.php\/wp-json\/wp\/v2\/media\/242"}],"wp:attachment":[{"href":"https:\/\/www.edilera.com\/index.php\/wp-json\/wp\/v2\/media?parent=244"}],"wp:term":[{"taxonomy":"product_brand","embeddable":true,"href":"https:\/\/www.edilera.com\/index.php\/wp-json\/wp\/v2\/product_brand?post=244"},{"taxonomy":"product_cat","embeddable":true,"href":"https:\/\/www.edilera.com\/index.php\/wp-json\/wp\/v2\/product_cat?post=244"},{"taxonomy":"product_tag","embeddable":true,"href":"https:\/\/www.edilera.com\/index.php\/wp-json\/wp\/v2\/product_tag?post=244"}],"curies":[{"name":"wp","href":"https:\/\/api.w.org\/{rel}","templated":true}]}}