{"id":94941,"date":"2020-07-24T18:32:33","date_gmt":"2020-07-24T16:32:33","guid":{"rendered":"https:\/\/www.edilera.com\/?page_id=94941"},"modified":"2025-12-17T11:09:17","modified_gmt":"2025-12-17T10:09:17","slug":"gastos-de-envio","status":"publish","type":"page","link":"https:\/\/www.edilera.com\/index.php\/gastos-de-envio\/","title":{"rendered":"Env\u00edo y gastos de env\u00edo"},"content":{"rendered":"\t\t<div data-elementor-type=\"wp-page\" data-elementor-id=\"94941\" class=\"elementor elementor-94941\">\n\t\t\t\t\t\t<section class=\"elementor-section elementor-top-section elementor-element elementor-element-e851a6a elementor-section-boxed elementor-section-height-default elementor-section-height-default\" data-id=\"e851a6a\" data-element_type=\"section\" data-e-type=\"section\">\n\t\t\t\t\t\t<div class=\"elementor-container elementor-column-gap-default\">\n\t\t\t\t\t<div class=\"elementor-column elementor-col-100 elementor-top-column elementor-element elementor-element-32654bc\" data-id=\"32654bc\" data-element_type=\"column\" data-e-type=\"column\">\n\t\t\t<div class=\"elementor-widget-wrap elementor-element-populated\">\n\t\t\t\t\t\t<div class=\"elementor-element elementor-element-687b885 elementor-widget elementor-widget-text-editor\" data-id=\"687b885\" data-element_type=\"widget\" data-e-type=\"widget\" data-widget_type=\"text-editor.default\">\n\t\t\t\t<div class=\"elementor-widget-container\">\n\t\t\t\t\t\t\t\t\t<p><strong><a>\u00bfQu\u00e9 modalidades de env\u00edo tenemos y cu\u00e1l es su coste?<\/a><\/strong><\/p><p>Usamos el servicio de mensajer\u00eda con entrega en 48\/72 horas de Nacex, Seur o de Correos Express. El coste para la mensajer\u00eda es gratuito para Espa\u00f1a peninsular, a partir de 30,00\u20ac.\u00a0 Tenga en cuenta que el servicio contratado de entrega tiene un horario de reparto de 9 a 19 horas, por lo que se entregue en un momento u otro depende de la ruta de reparto del mensajero.<\/p><p>Para el resto de destinos usamos Correos Express, Nacex o Seur, y el coste depender\u00e1 del producto pedido y el destino.<\/p><p><strong><a>\u00bfTienen gastos de env\u00edo gratis?<\/a><\/strong><\/p><p>S\u00ed, disfrutar\u00e1 de gastos de env\u00edo gratis en todos sus pedidos, a partir de 30 \u20ac de compra. Esta promoci\u00f3n es v\u00e1lida solo para pedidos con destino Espa\u00f1a peninsular y no es aplicable para el resto de destinos.<\/p><p><strong><a>\u00bfCu\u00e1nto tiempo tarda en llegar el pedido desde mi compra?<\/a><\/strong><\/p><p>Todos los pedidos recibidos antes de las 15:00 en un d\u00eda laborable son procesados y puestos en manos de las mensajer\u00edas ese mismo d\u00eda (salvo los pedidos cuyo pago se realice por transferencia bancaria y env\u00edos a Canarias, Ceuta o Melilla).<\/p><p>El tiempo de tr\u00e1nsito de los paquetes con destino Pen\u00ednsula es de 48\/72 horas en d\u00edas laborables (lunes a viernes no festivos ni en origen ni en destino).<\/p><p>El tiempo de tr\u00e1nsito de los paquetes con destino Baleares es de 48\/72 horas de d\u00edas laborables (lunes a viernes no festivos ni en origen ni en destino).<\/p><p>El tiempo de tr\u00e1nsito de los paquetes con destino Canarias, Ceuta y Melilla depende en gran medida de las retenciones aduaneras, siendo muy variable, por lo que no podemos ofrecer una estimaci\u00f3n de tiempo de tr\u00e1nsito para estos destinos (los pedidos son procesados y puestos en manos de mensajer\u00eda el mismo d\u00eda si son recibidos antes de las 15:00 en un d\u00eda laborable).<\/p><p><strong><a>\u00bfC\u00f3mo es un env\u00edo a Canarias, Ceuta o Melilla?<\/a><\/strong><\/p><p><span style=\"color: #808080;\">Si reside en Canarias, Ceuta o Melilla, se le descontar\u00e1 autom\u00e1ticamente el IVA. Adem\u00e1s, al llegar su paquete a la aduana, se generan nuevos gastos que corren por cuenta del receptor del paquete y que se le cobrar\u00e1n a la entrega. Estos gastos son el impuesto que le corresponde pagar por tu compra (IGIG), el DUA de importaci\u00f3n (solo si su compra supera el valor de 150 euros) y el despacho de aduana (importe variable).<\/span><\/p><p><strong><a>\u00bfEnv\u00edamos a otros pa\u00edses?<\/a><\/strong><\/p><p>Enviamos a los siguientes pa\u00edses: Alemania, Austria, B\u00e9lgica, Dinamarca, Francia, Grecia, Irlanda, Italia, Pa\u00edses Bajos, Portugal, Reino Unido y Suiza.<\/p><p><strong><a>\u00bfEnviamos a Andorra?<\/a><\/strong><\/p><p>No enviamos a Andorra, pero s\u00ed podemos enviarle a la oficina de Nacex de La Seo de Urgell donde podr\u00e1s recoger tu paquete. Si le interesa esta opci\u00f3n, contacta con nosotros antes de realizar tu pedido a trav\u00e9s de tienda@edilera.com<\/p>\t\t\t\t\t\t\t\t<\/div>\n\t\t\t\t<\/div>\n\t\t\t\t\t<\/div>\n\t\t<\/div>\n\t\t\t\t\t<\/div>\n\t\t<\/section>\n\t\t\t\t<\/div>\n\t\t","protected":false},"excerpt":{"rendered":"<p>\u00bfQu\u00e9 modalidades de env\u00edo tenemos y cu\u00e1l es su coste? Usamos el servicio de mensajer\u00eda con entrega en 48\/72 horas de Nacex, Seur o de Correos Express. El coste para la mensajer\u00eda es gratuito para Espa\u00f1a peninsular, a partir de 30,00\u20ac.\u00a0 Tenga en cuenta que el servicio contratado de entrega tiene un horario de reparto [&hellip;]<\/p>\n","protected":false},"author":17,"featured_media":0,"parent":0,"menu_order":0,"comment_status":"closed","ping_status":"closed","template":"","meta":{"footnotes":""},"class_list":["post-94941","page","type-page","status-publish","hentry"],"jetpack_shortlink":"https:\/\/wp.me\/PaMcFs-oHj","jetpack-related-posts":[],"jetpack_sharing_enabled":true,"_links":{"self":[{"href":"https:\/\/www.edilera.com\/index.php\/wp-json\/wp\/v2\/pages\/94941","targetHints":{"allow":["GET"]}}],"collection":[{"href":"https:\/\/www.edilera.com\/index.php\/wp-json\/wp\/v2\/pages"}],"about":[{"href":"https:\/\/www.edilera.com\/index.php\/wp-json\/wp\/v2\/types\/page"}],"author":[{"embeddable":true,"href":"https:\/\/www.edilera.com\/index.php\/wp-json\/wp\/v2\/users\/17"}],"replies":[{"embeddable":true,"href":"https:\/\/www.edilera.com\/index.php\/wp-json\/wp\/v2\/comments?post=94941"}],"version-history":[{"count":9,"href":"https:\/\/www.edilera.com\/index.php\/wp-json\/wp\/v2\/pages\/94941\/revisions"}],"predecessor-version":[{"id":96618,"href":"https:\/\/www.edilera.com\/index.php\/wp-json\/wp\/v2\/pages\/94941\/revisions\/96618"}],"wp:attachment":[{"href":"https:\/\/www.edilera.com\/index.php\/wp-json\/wp\/v2\/media?parent=94941"}],"curies":[{"name":"wp","href":"https:\/\/api.w.org\/{rel}","templated":true}]}}