{"id":315,"date":"2019-03-08T08:46:16","date_gmt":"2019-03-08T07:46:16","guid":{"rendered":"https:\/\/www.edilera.com\/?page_id=315"},"modified":"2025-07-22T11:31:29","modified_gmt":"2025-07-22T09:31:29","slug":"novedades","status":"publish","type":"page","link":"https:\/\/www.edilera.com\/index.php\/novedades\/","title":{"rendered":"Novedades"},"content":{"rendered":"\t\t<div data-elementor-type=\"wp-page\" data-elementor-id=\"315\" class=\"elementor elementor-315\">\n\t\t\t\t\t\t<section class=\"elementor-section elementor-top-section elementor-element elementor-element-7b53f0e9 elementor-section-boxed elementor-section-height-default elementor-section-height-default\" data-id=\"7b53f0e9\" data-element_type=\"section\" data-e-type=\"section\">\n\t\t\t\t\t\t<div class=\"elementor-container elementor-column-gap-default\">\n\t\t\t\t\t<div class=\"elementor-column elementor-col-100 elementor-top-column elementor-element elementor-element-60a63015\" data-id=\"60a63015\" data-element_type=\"column\" data-e-type=\"column\">\n\t\t\t<div class=\"elementor-widget-wrap elementor-element-populated\">\n\t\t\t\t\t\t<div class=\"elementor-element elementor-element-4f8d2123 elementor-widget elementor-widget-text-editor\" data-id=\"4f8d2123\" data-element_type=\"widget\" data-e-type=\"widget\" data-widget_type=\"text-editor.default\">\n\t\t\t\t<div class=\"elementor-widget-container\">\n\t\t\t\t\t\t\t\t\t<p><a href=\"https:\/\/www.edilera.com\/index.php\/producto\/medina-de-rioseco-artistica-y-monumental-la-ciudad-villagarcia-de-campos-la-santa-espina-san-cebrian-de-mazote-y-uruena\/\"><img fetchpriority=\"high\" decoding=\"async\" data-attachment-id=\"96539\" data-permalink=\"https:\/\/www.edilera.com\/?attachment_id=96539\" data-orig-file=\"https:\/\/i0.wp.com\/www.edilera.com\/wp-content\/uploads\/2025\/07\/RS-1-1.jpg?fit=486%2C694&amp;ssl=1\" data-orig-size=\"486,694\" data-comments-opened=\"1\" data-image-meta=\"{&quot;aperture&quot;:&quot;0&quot;,&quot;credit&quot;:&quot;a&quot;,&quot;camera&quot;:&quot;&quot;,&quot;caption&quot;:&quot;&quot;,&quot;created_timestamp&quot;:&quot;0&quot;,&quot;copyright&quot;:&quot;&quot;,&quot;focal_length&quot;:&quot;0&quot;,&quot;iso&quot;:&quot;0&quot;,&quot;shutter_speed&quot;:&quot;0&quot;,&quot;title&quot;:&quot;Maquetaci\\u00f3n 1&quot;,&quot;orientation&quot;:&quot;1&quot;}\" data-image-title=\"Maquetaci\u00f3n 1\" data-image-description=\"\" data-image-caption=\"\" data-large-file=\"https:\/\/i0.wp.com\/www.edilera.com\/wp-content\/uploads\/2025\/07\/RS-1-1.jpg?fit=486%2C694&amp;ssl=1\" data-recalc-dims=\"1\" class=\"alignnone size-medium wp-image-96539\" src=\"https:\/\/i0.wp.com\/www.edilera.com\/wp-content\/uploads\/2025\/07\/RS-1-1.jpg?resize=210%2C300&#038;ssl=1\" alt=\"\" width=\"210\" height=\"300\" srcset=\"https:\/\/i0.wp.com\/www.edilera.com\/wp-content\/uploads\/2025\/07\/RS-1-1.jpg?w=486&amp;ssl=1 486w, https:\/\/i0.wp.com\/www.edilera.com\/wp-content\/uploads\/2025\/07\/RS-1-1.jpg?resize=210%2C300&amp;ssl=1 210w, https:\/\/i0.wp.com\/www.edilera.com\/wp-content\/uploads\/2025\/07\/RS-1-1.jpg?resize=200%2C286&amp;ssl=1 200w, https:\/\/i0.wp.com\/www.edilera.com\/wp-content\/uploads\/2025\/07\/RS-1-1.jpg?resize=400%2C571&amp;ssl=1 400w\" sizes=\"(max-width: 210px) 100vw, 210px\" \/><\/a><\/p>\n<p>\u00a0<\/p>\n<h1 class=\"product_title entry-title\"><a href=\"https:\/\/www.edilera.com\/index.php\/producto\/medina-de-rioseco-artistica-y-monumental-la-ciudad-villagarcia-de-campos-la-santa-espina-san-cebrian-de-mazote-y-uruena\/\">Medina de Rioseco, art\u00edstica y monumental. La ciudad, Villagarc\u00eda de Campos, la Santa Espina, San Cebri\u00e1n de Mazote y Urue\u00f1a.<\/a><\/h1>\n<p>\u00a0<\/p>\n<p>Gu\u00eda de Medina de Rioseco y su alfoz. La otrora riqu\u00edsima ciudad de Medina de Rioseco llamada India Chica, fruto de siglos de cultivo del arte de los mejores artistas, Juan De Juni, Sierra, Corral de Villalpando, Sierra, Bolduque, Arfe, Gil de Honta\u00f1\u00f3n, Nates, Andino, Alejo de Vah\u00eda, Churriguera, Cajiga, que nos asombran con su maestr\u00eda entre fachadas monumentales, esculturas, pinturas y otras artes a cada monumento. Un n\u00famero obras de primer nivel dif\u00edcil de repertir en un s\u00f3lo lugar. Y si dispone de algo m\u00e1s de tiempo visite Villagarc\u00eda de Campos, La Santa Espina, San Cebr\u00edan de Mazote, y Urue\u00f1a.<\/p>\n<p>\u00a0<\/p>\n<p><!-- \/wp:paragraph --><\/p>\n<p><!-- wp:image {\"align\":\"center\",\"id\":239,\"linkDestination\":\"custom\"} --><\/p>\n<div class=\"wp-block-image\">\u00a0<\/div>\n<p><!-- \/wp:image --><\/p>\t\t\t\t\t\t\t\t<\/div>\n\t\t\t\t<\/div>\n\t\t\t\t\t<\/div>\n\t\t<\/div>\n\t\t\t\t\t<\/div>\n\t\t<\/section>\n\t\t\t\t<\/div>\n\t\t","protected":false},"excerpt":{"rendered":"<p>\u00a0 Medina de Rioseco, art\u00edstica y monumental. La ciudad, Villagarc\u00eda de Campos, la Santa Espina, San Cebri\u00e1n de Mazote y Urue\u00f1a. \u00a0 Gu\u00eda de Medina de Rioseco y su alfoz. La otrora riqu\u00edsima ciudad de Medina de Rioseco llamada India Chica, fruto de siglos de cultivo del arte de los mejores artistas, Juan De Juni, [&hellip;]<\/p>\n","protected":false},"author":17,"featured_media":239,"parent":0,"menu_order":0,"comment_status":"closed","ping_status":"closed","template":"","meta":{"footnotes":""},"class_list":["post-315","page","type-page","status-publish","has-post-thumbnail","hentry"],"jetpack_shortlink":"https:\/\/wp.me\/PaMcFs-55","jetpack-related-posts":[],"jetpack_sharing_enabled":true,"_links":{"self":[{"href":"https:\/\/www.edilera.com\/index.php\/wp-json\/wp\/v2\/pages\/315","targetHints":{"allow":["GET"]}}],"collection":[{"href":"https:\/\/www.edilera.com\/index.php\/wp-json\/wp\/v2\/pages"}],"about":[{"href":"https:\/\/www.edilera.com\/index.php\/wp-json\/wp\/v2\/types\/page"}],"author":[{"embeddable":true,"href":"https:\/\/www.edilera.com\/index.php\/wp-json\/wp\/v2\/users\/17"}],"replies":[{"embeddable":true,"href":"https:\/\/www.edilera.com\/index.php\/wp-json\/wp\/v2\/comments?post=315"}],"version-history":[{"count":30,"href":"https:\/\/www.edilera.com\/index.php\/wp-json\/wp\/v2\/pages\/315\/revisions"}],"predecessor-version":[{"id":96556,"href":"https:\/\/www.edilera.com\/index.php\/wp-json\/wp\/v2\/pages\/315\/revisions\/96556"}],"wp:featuredmedia":[{"embeddable":true,"href":"https:\/\/www.edilera.com\/index.php\/wp-json\/wp\/v2\/media\/239"}],"wp:attachment":[{"href":"https:\/\/www.edilera.com\/index.php\/wp-json\/wp\/v2\/media?parent=315"}],"curies":[{"name":"wp","href":"https:\/\/api.w.org\/{rel}","templated":true}]}}

<div data-elementor-type="wp-page" data-elementor-id="315" class="elementor elementor-315">
						<section class="elementor-section elementor-top-section elementor-element elementor-element-7b53f0e9 elementor-section-boxed elementor-section-height-default elementor-section-height-default" data-id="7b53f0e9" data-element_type="section" data-e-type="section">
						<div class="elementor-container elementor-column-gap-default">
					<div class="elementor-column elementor-col-100 elementor-top-column elementor-element elementor-element-60a63015" data-id="60a63015" data-element_type="column" data-e-type="column">
			<div class="elementor-widget-wrap elementor-element-populated">
						<div class="elementor-element elementor-element-4f8d2123 elementor-widget elementor-widget-text-editor" data-id="4f8d2123" data-element_type="widget" data-e-type="widget" data-widget_type="text-editor.default">
				<div class="elementor-widget-container">
									<p><a href="https://www.edilera.com/index.php/producto/medina-de-rioseco-artistica-y-monumental-la-ciudad-villagarcia-de-campos-la-santa-espina-san-cebrian-de-mazote-y-uruena/"><img fetchpriority="high" decoding="async" data-attachment-id="96539" data-permalink="https://www.edilera.com/?attachment_id=96539" data-orig-file="https://i0.wp.com/www.edilera.com/wp-content/uploads/2025/07/RS-1-1.jpg?fit=486%2C694&amp;ssl=1" data-orig-size="486,694" data-comments-opened="1" data-image-meta="{&quot;aperture&quot;:&quot;0&quot;,&quot;credit&quot;:&quot;a&quot;,&quot;camera&quot;:&quot;&quot;,&quot;caption&quot;:&quot;&quot;,&quot;created_timestamp&quot;:&quot;0&quot;,&quot;copyright&quot;:&quot;&quot;,&quot;focal_length&quot;:&quot;0&quot;,&quot;iso&quot;:&quot;0&quot;,&quot;shutter_speed&quot;:&quot;0&quot;,&quot;title&quot;:&quot;Maquetaci\u00f3n 1&quot;,&quot;orientation&quot;:&quot;1&quot;}" data-image-title="Maquetación 1" data-image-description="" data-image-caption="" data-large-file="https://i0.wp.com/www.edilera.com/wp-content/uploads/2025/07/RS-1-1.jpg?fit=486%2C694&amp;ssl=1" data-recalc-dims="1" class="alignnone size-medium wp-image-96539" src="https://i0.wp.com/www.edilera.com/wp-content/uploads/2025/07/RS-1-1.jpg?resize=210%2C300&#038;ssl=1" alt="" width="210" height="300" srcset="https://i0.wp.com/www.edilera.com/wp-content/uploads/2025/07/RS-1-1.jpg?w=486&amp;ssl=1 486w, https://i0.wp.com/www.edilera.com/wp-content/uploads/2025/07/RS-1-1.jpg?resize=210%2C300&amp;ssl=1 210w, https://i0.wp.com/www.edilera.com/wp-content/uploads/2025/07/RS-1-1.jpg?resize=200%2C286&amp;ssl=1 200w, https://i0.wp.com/www.edilera.com/wp-content/uploads/2025/07/RS-1-1.jpg?resize=400%2C571&amp;ssl=1 400w" sizes="(max-width: 210px) 100vw, 210px" /></a></p>
<p> </p>
<h1 class="product_title entry-title"><a href="https://www.edilera.com/index.php/producto/medina-de-rioseco-artistica-y-monumental-la-ciudad-villagarcia-de-campos-la-santa-espina-san-cebrian-de-mazote-y-uruena/">Medina de Rioseco, artística y monumental. La ciudad, Villagarcía de Campos, la Santa Espina, San Cebrián de Mazote y Urueña.</a></h1>
<p> </p>
<p>Guía de Medina de Rioseco y su alfoz. La otrora riquísima ciudad de Medina de Rioseco llamada India Chica, fruto de siglos de cultivo del arte de los mejores artistas, Juan De Juni, Sierra, Corral de Villalpando, Sierra, Bolduque, Arfe, Gil de Hontañón, Nates, Andino, Alejo de Vahía, Churriguera, Cajiga, que nos asombran con su maestría entre fachadas monumentales, esculturas, pinturas y otras artes a cada monumento. Un número obras de primer nivel difícil de repertir en un sólo lugar. Y si dispone de algo más de tiempo visite Villagarcía de Campos, La Santa Espina, San Cebrían de Mazote, y Urueña.</p>
<p> </p>
<p><!-- /wp:paragraph --></p>
<p><!-- wp:image {"align":"center","id":239,"linkDestination":"custom"} --></p>
<div class="wp-block-image"> </div>
<p><!-- /wp:image --></p>								</div>
				</div>
					</div>
		</div>
					</div>
		</section>
				</div>

<p>  Medina de Rioseco, artística y monumental. La ciudad, Villagarcía de Campos, la Santa Espina, San Cebrián de Mazote y Urueña.   Guía de Medina de Rioseco y su alfoz. La otrora riquísima ciudad de Medina de Rioseco llamada India Chica, fruto de siglos de cultivo del arte de los mejores artistas, Juan De Juni, [&hellip;]</p>
